CRAN Package Check Results for Package HSPOR

Last updated on 2021-04-22 04:48:27 CEST.

Flavor Version Tinstall Tcheck Ttotal Status Flags
r-devel-linux-x86_64-debian-clang 1.1.9 15.61 106.07 121.68 NOTE
r-devel-linux-x86_64-debian-gcc 1.1.9 11.47 81.31 92.78 NOTE
r-devel-linux-x86_64-fedora-clang 1.1.9 147.40 NOTE
r-devel-linux-x86_64-fedora-gcc 1.1.9 137.18 NOTE
r-devel-windows-ix86+x86_64 1.1.9 30.00 122.00 152.00 NOTE
r-devel-windows-x86_64-gcc10-UCRT 1.1.9 NOTE
r-patched-linux-x86_64 1.1.9 11.86 96.01 107.87 OK
r-patched-solaris-x86 1.1.9 194.60 OK
r-release-linux-x86_64 1.1.9 13.62 95.65 109.27 OK
r-release-macos-x86_64 1.1.9 OK
r-release-windows-ix86+x86_64 1.1.9 29.00 122.00 151.00 OK
r-oldrel-macos-x86_64 1.1.9 OK
r-oldrel-windows-ix86+x86_64 1.1.9 40.00 118.00 158.00 OK

Check Details

Version: 1.1.9
Check: LazyData
Result: NOTE
     'LazyData' is specified without a 'data' directory
Flavors: r-devel-linux-x86_64-debian-clang, r-devel-linux-x86_64-debian-gcc, r-devel-linux-x86_64-fedora-clang, r-devel-linux-x86_64-fedora-gcc, r-devel-windows-ix86+x86_64, r-devel-windows-x86_64-gcc10-UCRT