CRAN Package Check Results for Package HTLR

Last updated on 2024-02-22 02:55:26 CET.

Flavor Version Tinstall Tcheck Ttotal Status Flags
r-devel-linux-x86_64-debian-clang 0.4-4 NOTE --no-vignettes
r-devel-linux-x86_64-debian-gcc 0.4-4 77.59 69.02 146.61 NOTE --no-vignettes
r-devel-linux-x86_64-fedora-clang 0.4-4 565.52 NOTE
r-devel-linux-x86_64-fedora-gcc 0.4-4 996.52 NOTE
r-devel-windows-x86_64 0.4-4 78.00 224.00 302.00 NOTE
r-patched-linux-x86_64 0.4-4 103.12 91.05 194.17 NOTE --no-vignettes
r-release-linux-x86_64 0.4-4 100.26 89.69 189.95 NOTE --no-vignettes
r-release-macos-arm64 0.4-4 141.00 NOTE
r-release-macos-x86_64 0.4-4 223.00 NOTE
r-release-windows-x86_64 0.4-4 98.00 279.00 377.00 NOTE
r-oldrel-macos-arm64 0.4-4 121.00 NOTE
r-oldrel-windows-x86_64 0.4-4 96.00 262.00 358.00 OK

Check Details

Version: 0.4-4
Flags: --no-vignettes
Check: C++ specification
Result: NOTE Specified C++11: please drop specification unless essential Flavors: r-devel-linux-x86_64-debian-clang, r-devel-linux-x86_64-debian-gcc, r-patched-linux-x86_64, r-release-linux-x86_64

Version: 0.4-4
Check: C++ specification
Result: NOTE Specified C++11: please drop specification unless essential Flavors: r-devel-linux-x86_64-fedora-clang, r-devel-linux-x86_64-fedora-gcc, r-devel-windows-x86_64, r-release-macos-arm64, r-release-macos-x86_64, r-release-windows-x86_64

Version: 0.4-4
Check: installed package size
Result: NOTE installed size is 6.0Mb sub-directories of 1Mb or more: doc 1.1Mb libs 3.7Mb Flavors: r-release-macos-arm64, r-release-macos-x86_64, r-oldrel-macos-arm64