CRAN Package Check Results for Package HTMLUtils

Last updated on 2022-01-26 21:50:11 CET.

Flavor Version Tinstall Tcheck Ttotal Status Flags
r-devel-linux-x86_64-debian-clang 0.1.7 1.67 33.26 34.93 NOTE
r-devel-linux-x86_64-debian-gcc 0.1.7 1.98 26.65 28.63 NOTE
r-devel-linux-x86_64-fedora-clang 0.1.7 43.65 NOTE
r-devel-linux-x86_64-fedora-gcc 0.1.7 33.66 NOTE
r-devel-windows-x86_64-new-UL 0.1.7 55.00 52.00 107.00 NOTE
r-devel-windows-x86_64-new-TK 0.1.7 NOTE
r-patched-linux-x86_64 0.1.7 2.17 32.01 34.18 NOTE
r-release-linux-x86_64 0.1.7 2.24 32.10 34.34 NOTE
r-release-macos-arm64 0.1.7 NOTE
r-release-macos-x86_64 0.1.7 NOTE
r-release-windows-ix86+x86_64 0.1.7 5.00 40.00 45.00 NOTE
r-oldrel-macos-x86_64 0.1.7 NOTE
r-oldrel-windows-ix86+x86_64 0.1.7 5.00 40.00 45.00 NOTE

Check Details

Version: 0.1.7
Check: R code for possible problems
Result: NOTE
    BasicHTML: no visible global function definition for 'png'
    BasicHTML: no visible global function definition for 'dev.list'
    BasicHTML: no visible global function definition for 'dev.off'
    FramedHTML: no visible global function definition for 'graphics.off'
    Undefined global functions or variables:
     dev.list dev.off graphics.off png
    Consider adding
     importFrom("grDevices", "dev.list", "dev.off", "graphics.off", "png")
    to your NAMESPACE file.
Flavors: r-devel-linux-x86_64-debian-clang, r-devel-linux-x86_64-debian-gcc, r-devel-linux-x86_64-fedora-clang, r-devel-linux-x86_64-fedora-gcc, r-devel-windows-x86_64-new-UL, r-devel-windows-x86_64-new-TK, r-patched-linux-x86_64, r-release-linux-x86_64, r-release-macos-arm64, r-release-macos-x86_64, r-release-windows-ix86+x86_64, r-oldrel-macos-x86_64, r-oldrel-windows-ix86+x86_64