CRAN Package Check Results for Package HTSCluster

Last updated on 2022-12-02 23:50:30 CET.

Flavor Version Tinstall Tcheck Ttotal Status Flags
r-devel-linux-x86_64-debian-clang 2.0.10 8.36 61.83 70.19 OK
r-devel-linux-x86_64-debian-gcc 2.0.10 5.97 46.91 52.88 OK
r-devel-linux-x86_64-fedora-clang 2.0.10 96.45 OK
r-devel-linux-x86_64-fedora-gcc 2.0.10 104.56 OK
r-devel-windows-x86_64 2.0.10 26.00 94.00 120.00 OK
r-patched-linux-x86_64 2.0.10 4.88 58.00 62.88 OK
r-release-linux-x86_64 2.0.10 6.93 57.69 64.62 OK
r-release-macos-arm64 2.0.10 28.00 OK
r-release-macos-x86_64 2.0.10 37.00 NOTE
r-release-windows-x86_64 2.0.10 15.00 99.00 114.00 OK
r-oldrel-macos-arm64 2.0.10 32.00 NOTE
r-oldrel-macos-x86_64 2.0.10 40.00 NOTE
r-oldrel-windows-ix86+x86_64 2.0.10 15.00 82.00 97.00 OK

Check Details

Version: 2.0.10
Check: package dependencies
Result: NOTE
    Package suggested but not available for checking: ‘HTSFilter’
Flavors: r-release-macos-x86_64, r-oldrel-macos-arm64, r-oldrel-macos-x86_64