CRAN Package Check Results for Package HTSCluster

Last updated on 2022-08-19 09:52:15 CEST.

Flavor Version Tinstall Tcheck Ttotal Status Flags
r-devel-linux-x86_64-debian-clang 2.0.8 5.46 60.59 66.05 NOTE
r-devel-linux-x86_64-debian-gcc 2.0.8 6.41 45.94 52.35 NOTE
r-devel-linux-x86_64-fedora-clang 2.0.8 92.25 NOTE
r-devel-linux-x86_64-fedora-gcc 2.0.8 95.32 NOTE
r-devel-windows-x86_64 2.0.8 23.00 87.00 110.00 NOTE
r-patched-linux-x86_64 2.0.8 7.81 57.69 65.50 OK
r-release-linux-x86_64 2.0.8 OK
r-release-macos-arm64 2.0.8 27.00 OK
r-release-macos-x86_64 2.0.8 37.00 NOTE
r-release-windows-x86_64 2.0.8 29.00 96.00 125.00 OK
r-oldrel-macos-arm64 2.0.8 43.00 NOTE
r-oldrel-macos-x86_64 2.0.8 70.00 NOTE
r-oldrel-windows-ix86+x86_64 2.0.8 14.00 81.00 95.00 OK

Check Details

Version: 2.0.8
Check: HTML version of manual
Result: NOTE
    Found the following math rendering problems:
    Init.Rd:80: Undefined control sequence: \ensuremath in \hat{\ensuremath\boldsymbol{z}}...
    Init.Rd:80: Undefined control sequence: \ensuremath in \ensuremath\boldsymbol{\pi...
    Init.Rd:80: Undefined control sequence: \ensuremath in \ensuremath\boldsymbol{\la...
    Init.Rd:80: Undefined control sequence: \ensuremath in \ensuremath\boldsymbol{\pi...
    Init.Rd:80: Undefined control sequence: \ensuremath in \ensuremath\boldsymbol{\la...
    Init.Rd:80: Undefined control sequence: \ensuremath in \hat{\ensuremath\boldsymbol{\la...
    Init.Rd:80: Undefined control sequence: \ensuremath in \hat{\ensuremath\boldsymbol{\pi...
    Init.Rd:87: Undefined control sequence: \ensuremath in \hat{\ensuremath\boldsymbol{\pi...
    Init.Rd:89: Undefined control sequence: \ensuremath in \hat{\ensuremath\boldsymbol{\la...
    Init.Rd:91: Undefined control sequence: \ensuremath in \hat{\ensuremath\boldsymbol{\la...
    Init.Rd:94: Undefined control sequence: \ensuremath in \hat{\ensuremath\boldsymbol{\pi...
    PoisMixClus.Rd:122: Undefined control sequence: \ensuremath in f(\mathbf{y};g,\ensuremath\boldsymbol{\Ps...
    PoisMixClus.Rd:124: Undefined control sequence: \ensuremath in \ensuremath\boldsymbol{\Ps...
    PoisMixClus.Rd:124: Undefined control sequence: \ensuremath in \ensuremath\boldsymbol{\th...
    PoisMixClus.Rd:124: Undefined control sequence: \ensuremath in \ensuremath\boldsymbol{\th...
    PoisMixClus.Rd:124: Undefined control sequence: \ensuremath in \ensuremath\boldsymbol{\pi...
    PoisMixClus.Rd:126: Undefined control sequence: \ensuremath in \ensuremath\boldsymbol{\th...
    PoisMixClus.Rd:128: Undefined control sequence: \ensuremath in \ensuremath\boldsymbol{\la...
    PoisMixClus.Rd:135: Undefined control sequence: \ensuremath in \hat{\ensuremath\boldsymbol{\la...
    PoisMixClus.Rd:136: Undefined control sequence: \ensuremath in \hat{\ensuremath\boldsymbol{\pi...
    PoisMixMean.Rd:8: Undefined control sequence: \ensuremath in \ensuremath\boldsymbol{\mu...
    PoisMixMean.Rd:10: Undefined control sequence: \ensuremath in \ensuremath\boldsymbol{\mu...
    PoisMixSim.Rd:27: Undefined control sequence: \ensuremath in \ensuremath\boldsymbol{\pi...
    PoisMixSim.Rd:28: Undefined control sequence: \ensuremath in \ensuremath\boldsymbol{\la...
    PoisMixSim.Rd:41: Undefined control sequence: \ensuremath in \hat{\ensuremath\boldsymbol{\la...
    logLikePoisMix.Rd:30: Undefined control sequence: \ensuremath in \hat{\ensuremath\boldsymbol{\pi...
    logLikePoisMix.Rd:33: Undefined control sequence: \ensuremath in \hat{\ensuremath\boldsymbol{\pi...
    logLikePoisMix.Rd:36: Undefined control sequence: \ensuremath in \hat{\ensuremath\boldsymbol{\pi...
    plot.HTSCluster.Rd:40: Undefined control sequence: \ensuremath in \ensuremath\boldsymbol{\la...
    plot.HTSCluster.Rd:40: Undefined control sequence: \ensuremath in \ensuremath\boldsymbol{\pi...
    plot.HTSCluster.Rd:41: Undefined control sequence: \ensuremath in \ensuremath\boldsymbol{\la...
    plot.HTSCluster.Rd:42: Undefined control sequence: \ensuremath in \ensuremath\boldsymbol{\pi...
    probaPost.Rd:23: Undefined control sequence: \ensuremath in \hat{\ensuremath\boldsymbol{\pi...
    probaPost.Rd:29: Undefined control sequence: \ensuremath in \ensuremath\boldsymbol{\la...
    summary.HTSCluster.Rd:29: Undefined control sequence: \ensuremath in \ensuremath\boldsymbol{\la...
    summary.HTSCluster.Rd:31: Undefined control sequence: \ensuremath in \ensuremath\boldsymbol{\pi...
Flavors: r-devel-linux-x86_64-debian-clang, r-devel-linux-x86_64-debian-gcc, r-devel-linux-x86_64-fedora-clang, r-devel-linux-x86_64-fedora-gcc, r-devel-windows-x86_64

Version: 2.0.8
Check: package dependencies
Result: NOTE
    Package suggested but not available for checking: ‘HTSFilter’
Flavors: r-release-macos-x86_64, r-oldrel-macos-arm64, r-oldrel-macos-x86_64