CRAN Package Check Results for Package HTSSIP

Last updated on 2021-08-03 06:55:09 CEST.

Flavor Version Tinstall Tcheck Ttotal Status Flags
r-devel-linux-x86_64-debian-clang 1.4.1 6.98 221.40 228.38 OK --no-vignettes
r-devel-linux-x86_64-debian-gcc 1.4.1 6.52 163.14 169.66 OK --no-vignettes
r-devel-linux-x86_64-fedora-clang 1.4.1 1623.80 NOTE
r-devel-linux-x86_64-fedora-gcc 1.4.1 1596.57 NOTE
r-devel-windows-x86_64 1.4.1 11.00 271.00 282.00 OK --no-vignettes
r-devel-windows-x86_64-gcc10-UCRT 1.4.1 NOTE --no-vignettes
r-patched-linux-x86_64 1.4.1 8.58 204.85 213.43 OK --no-vignettes
r-patched-solaris-x86 1.4.1 2834.70 NOTE
r-release-linux-x86_64 1.4.1 6.92 208.04 214.96 OK --no-vignettes
r-release-macos-arm64 1.4.1 ERROR
r-release-macos-x86_64 1.4.1 NOTE
r-release-windows-ix86+x86_64 1.4.1 20.00 196.00 216.00 OK --no-vignettes
r-oldrel-macos-x86_64 1.4.1 NOTE
r-oldrel-windows-ix86+x86_64 1.4.1 14.00 238.00 252.00 OK --no-vignettes

Check Details

Version: 1.4.1
Check: dependencies in R code
Result: NOTE
    Namespace in Imports field not imported from: ‘igraph’
     All declared Imports should be used.
Flavors: r-devel-linux-x86_64-fedora-clang, r-devel-linux-x86_64-fedora-gcc, r-patched-solaris-x86, r-release-macos-x86_64, r-oldrel-macos-x86_64

Version: 1.4.1
Flags: --no-vignettes
Check: dependencies in R code
Result: NOTE
    Namespace in Imports field not imported from: 'igraph'
     All declared Imports should be used.
Flavor: r-devel-windows-x86_64-gcc10-UCRT

Version: 1.4.1
Check: package dependencies
Result: ERROR
    Packages required but not available: 'DESeq2', 'phyloseq'
    
    See section ‘The DESCRIPTION file’ in the ‘Writing R Extensions’
    manual.
Flavor: r-release-macos-arm64