CRAN Package Check Results for Package HWxtest

Last updated on 2019-08-19 11:49:04 CEST.

Flavor Version Tinstall Tcheck Ttotal Status Flags
r-devel-linux-x86_64-debian-clang 1.1.9 4.24 65.42 69.66 OK
r-devel-linux-x86_64-debian-gcc 1.1.9 3.63 54.20 57.83 OK
r-devel-linux-x86_64-fedora-clang 1.1.9 83.90 NOTE
r-devel-linux-x86_64-fedora-gcc 1.1.9 85.25 NOTE
r-devel-windows-ix86+x86_64 1.1.9 20.00 134.00 154.00 OK
r-patched-linux-x86_64 1.1.9 3.82 67.40 71.22 OK
r-patched-solaris-x86 1.1.9 205.30 OK
r-release-linux-x86_64 1.1.9 3.95 66.52 70.47 OK
r-release-windows-ix86+x86_64 1.1.9 12.00 104.00 116.00 OK
r-release-osx-x86_64 1.1.9 OK
r-oldrel-windows-ix86+x86_64 1.1.9 43.00 128.00 171.00 OK
r-oldrel-osx-x86_64 1.1.9 OK

Check Details

Version: 1.1.9
Check: compiled code
Result: NOTE
    File ‘HWxtest/libs/HWxtest.so’:
     Found no calls to: ‘R_registerRoutines’, ‘R_useDynamicSymbols’
    
    It is good practice to register native routines and to disable symbol
    search.
    
    See ‘Writing portable packages’ in the ‘Writing R Extensions’ manual.
Flavors: r-devel-linux-x86_64-fedora-clang, r-devel-linux-x86_64-fedora-gcc