CRAN Package Check Results for Package HWxtest

Last updated on 2019-06-15 22:58:43 CEST.

Flavor Version Tinstall Tcheck Ttotal Status Flags
r-devel-linux-x86_64-debian-clang 1.1.9 4.23 65.76 69.99 OK
r-devel-linux-x86_64-debian-gcc 1.1.9 3.28 52.66 55.94 OK
r-devel-linux-x86_64-fedora-clang 1.1.9 82.15 NOTE
r-devel-linux-x86_64-fedora-gcc 1.1.9 84.89 NOTE
r-devel-windows-ix86+x86_64 1.1.9 15.00 132.00 147.00 OK
r-patched-linux-x86_64 1.1.9 3.72 67.78 71.50 OK
r-patched-solaris-x86 1.1.9 202.10 OK
r-release-linux-x86_64 1.1.9 4.09 67.53 71.62 OK
r-release-windows-ix86+x86_64 1.1.9 13.00 104.00 117.00 OK
r-release-osx-x86_64 1.1.9 OK
r-oldrel-windows-ix86+x86_64 1.1.9 10.00 125.00 135.00 OK
r-oldrel-osx-x86_64 1.1.9 OK

Check Details

Version: 1.1.9
Check: compiled code
Result: NOTE
    File ‘HWxtest/libs/HWxtest.so’:
     Found no calls to: ‘R_registerRoutines’, ‘R_useDynamicSymbols’
    
    It is good practice to register native routines and to disable symbol
    search.
    
    See ‘Writing portable packages’ in the ‘Writing R Extensions’ manual.
Flavors: r-devel-linux-x86_64-fedora-clang, r-devel-linux-x86_64-fedora-gcc