CRAN Package Check Results for Package HaDeX

Last updated on 2020-10-25 20:47:54 CET.

Flavor Version Tinstall Tcheck Ttotal Status Flags
r-devel-linux-x86_64-debian-clang 1.2.1 8.49 121.66 130.15 OK
r-devel-linux-x86_64-debian-gcc 1.2.1 6.49 86.63 93.12 OK
r-devel-linux-x86_64-fedora-clang 1.2.1 153.43 NOTE
r-devel-linux-x86_64-fedora-gcc 1.2.1 142.36 NOTE
r-devel-windows-ix86+x86_64 1.2.1 18.00 128.00 146.00 OK
r-patched-linux-x86_64 1.2.1 7.00 109.38 116.38 OK
r-patched-solaris-x86 1.2.1 147.80 WARN
r-release-linux-x86_64 1.2.1 8.27 109.12 117.39 OK
r-release-macos-x86_64 1.2.1 WARN
r-release-windows-ix86+x86_64 1.2.1 13.00 111.00 124.00 OK
r-oldrel-macos-x86_64 1.2.1 WARN
r-oldrel-windows-ix86+x86_64 1.2.1 16.00 147.00 163.00 OK

Check Details

Version: 1.2.1
Check: installed package size
Result: NOTE
     installed size is 5.1Mb
     sub-directories of 1Mb or more:
     HaDeX 4.1Mb
Flavors: r-devel-linux-x86_64-fedora-clang, r-patched-solaris-x86, r-release-macos-x86_64, r-oldrel-macos-x86_64

Version: 1.2.1
Check: dependencies in R code
Result: NOTE
    Namespaces in Imports field not imported from:
     ‘DT’ ‘gsubfn’ ‘stringr’
     All declared Imports should be used.
Flavors: r-devel-linux-x86_64-fedora-clang, r-devel-linux-x86_64-fedora-gcc, r-patched-solaris-x86, r-release-macos-x86_64, r-oldrel-macos-x86_64

Version: 1.2.1
Check: re-building of vignette outputs
Result: WARN
    Error(s) in re-building vignettes:
     ...
    --- re-building ‘overview.Rmd’ using rmarkdown
    Warning in engine$weave(file, quiet = quiet, encoding = enc) :
     Pandoc (>= 1.12.3) and/or pandoc-citeproc not available. Falling back to R Markdown v1.
    
    Attaching package: 'dplyr'
    
    The following objects are masked from 'package:stats':
    
     filter, lag
    
    The following objects are masked from 'package:base':
    
     intersect, setdiff, setequal, union
    
    Quitting from lines 40-43 (overview.Rmd)
    Error: processing vignette 'overview.Rmd' failed with diagnostics:
    there is no package called 'webshot'
    --- failed re-building ‘overview.Rmd’
    
    SUMMARY: processing the following file failed:
     ‘overview.Rmd’
    
    Error: Vignette re-building failed.
    Execution halted
Flavor: r-patched-solaris-x86

Version: 1.2.1
Check: re-building of vignette outputs
Result: WARN
    Error(s) in re-building vignettes:
     ...
    --- re-building ‘overview.Rmd’ using rmarkdown
    Warning in engine$weave(file, quiet = quiet, encoding = enc) :
     Pandoc (>= 1.12.3) and/or pandoc-citeproc not available. Falling back to R Markdown v1.
    
    Attaching package: 'dplyr'
    
    The following objects are masked from 'package:stats':
    
     filter, lag
    
    The following objects are masked from 'package:base':
    
     intersect, setdiff, setequal, union
    
    Quitting from lines 40-43 (overview.Rmd)
    Error: processing vignette 'overview.Rmd' failed with diagnostics:
    cannot open the connection
    --- failed re-building ‘overview.Rmd’
    
    SUMMARY: processing the following file failed:
     ‘overview.Rmd’
    
    Error: Vignette re-building failed.
    Execution halted
Flavors: r-release-macos-x86_64, r-oldrel-macos-x86_64