CRAN Package Check Results for Package HaDeX

Last updated on 2020-02-21 00:49:42 CET.

Flavor Version Tinstall Tcheck Ttotal Status Flags
r-devel-linux-x86_64-debian-clang 1.1 7.69 114.98 122.67 OK
r-devel-linux-x86_64-debian-gcc 1.1 6.77 85.32 92.09 OK
r-devel-linux-x86_64-fedora-clang 1.1 140.46 NOTE
r-devel-linux-x86_64-fedora-gcc 1.1 139.04 NOTE
r-devel-windows-ix86+x86_64 1.1 20.00 119.00 139.00 OK
r-devel-windows-ix86+x86_64-gcc8 1.1 38.00 155.00 193.00 OK
r-patched-linux-x86_64 1.1 6.27 100.60 106.87 OK
r-patched-solaris-x86 1.1 139.30 WARN
r-release-linux-x86_64 1.1 5.76 100.32 106.08 OK
r-release-windows-ix86+x86_64 1.1 15.00 117.00 132.00 OK
r-release-osx-x86_64 1.1 WARN
r-oldrel-windows-ix86+x86_64 1.1 9.00 129.00 138.00 OK
r-oldrel-osx-x86_64 1.1 WARN

Check Details

Version: 1.1
Check: dependencies in R code
Result: NOTE
    Namespaces in Imports field not imported from:
     ‘DT’ ‘gsubfn’ ‘stringr’
     All declared Imports should be used.
Flavors: r-devel-linux-x86_64-fedora-clang, r-devel-linux-x86_64-fedora-gcc, r-patched-solaris-x86, r-release-osx-x86_64, r-oldrel-osx-x86_64

Version: 1.1
Check: installed package size
Result: NOTE
     installed size is 5.3Mb
     sub-directories of 1Mb or more:
     HaDeX 4.3Mb
Flavor: r-patched-solaris-x86

Version: 1.1
Check: re-building of vignette outputs
Result: WARN
    Error(s) in re-building vignettes:
     ...
    --- re-building ‘overview.Rmd’ using rmarkdown
    Warning in engine$weave(file, quiet = quiet, encoding = enc) :
     Pandoc (>= 1.12.3) and/or pandoc-citeproc not available. Falling back to R Markdown v1.
    
    Attaching package: 'dplyr'
    
    The following objects are masked from 'package:stats':
    
     filter, lag
    
    The following objects are masked from 'package:base':
    
     intersect, setdiff, setequal, union
    
    Quitting from lines 40-43 (overview.Rmd)
    Error: processing vignette 'overview.Rmd' failed with diagnostics:
    there is no package called 'webshot'
    --- failed re-building ‘overview.Rmd’
    
    SUMMARY: processing the following file failed:
     ‘overview.Rmd’
    
    Error: Vignette re-building failed.
    Execution halted
Flavor: r-patched-solaris-x86

Version: 1.1
Check: re-building of vignette outputs
Result: WARN
    Error(s) in re-building vignettes:
     ...
    --- re-building ‘overview.Rmd’ using rmarkdown
    Warning in engine$weave(file, quiet = quiet, encoding = enc) :
     Pandoc (>= 1.12.3) and/or pandoc-citeproc not available. Falling back to R Markdown v1.
    
    Attaching package: 'dplyr'
    
    The following objects are masked from 'package:stats':
    
     filter, lag
    
    The following objects are masked from 'package:base':
    
     intersect, setdiff, setequal, union
    
    Quitting from lines 40-43 (overview.Rmd)
    Error: processing vignette 'overview.Rmd' failed with diagnostics:
    cannot open the connection
    --- failed re-building ‘overview.Rmd’
    
    SUMMARY: processing the following file failed:
     ‘overview.Rmd’
    
    Error: Vignette re-building failed.
    Execution halted
Flavor: r-release-osx-x86_64

Version: 1.1
Check: re-building of vignette outputs
Result: WARN
    Error in re-building vignettes:
     ...
    Warning in engine$weave(file, quiet = quiet, encoding = enc) :
     Pandoc (>= 1.12.3) and/or pandoc-citeproc not available. Falling back to R Markdown v1.
    
    Attaching package: 'dplyr'
    
    The following objects are masked from 'package:stats':
    
     filter, lag
    
    The following objects are masked from 'package:base':
    
     intersect, setdiff, setequal, union
    
    Quitting from lines 40-43 (overview.Rmd)
    Error: processing vignette 'overview.Rmd' failed with diagnostics:
    cannot open the connection
    Execution halted
Flavor: r-oldrel-osx-x86_64