CRAN Package Check Results for Package HadamardR

Last updated on 2021-09-25 04:57:37 CEST.

Flavor Version Tinstall Tcheck Ttotal Status Flags
r-devel-linux-x86_64-debian-clang 1.0.0 4.50 33.94 38.44 NOTE
r-devel-linux-x86_64-debian-gcc 1.0.0 3.95 27.17 31.12 NOTE
r-devel-linux-x86_64-fedora-clang 1.0.0 55.63 NOTE
r-devel-linux-x86_64-fedora-gcc 1.0.0 44.06 NOTE
r-devel-windows-x86_64 1.0.0 6.00 37.00 43.00 NOTE
r-devel-windows-x86_64-gcc10-UCRT 1.0.0 NOTE
r-patched-linux-x86_64 1.0.0 5.77 32.71 38.48 NOTE
r-patched-solaris-x86 1.0.0 61.60 NOTE
r-release-linux-x86_64 1.0.0 4.93 32.99 37.92 NOTE
r-release-macos-arm64 1.0.0 NOTE
r-release-macos-x86_64 1.0.0 NOTE
r-release-windows-ix86+x86_64 1.0.0 9.00 51.00 60.00 NOTE
r-oldrel-macos-x86_64 1.0.0 OK
r-oldrel-windows-ix86+x86_64 1.0.0 7.00 41.00 48.00 OK

Check Details

Version: 1.0.0
Check: LazyData
Result: NOTE
     'LazyData' is specified without a 'data' directory
Flavors: r-devel-linux-x86_64-debian-clang, r-devel-linux-x86_64-debian-gcc, r-devel-linux-x86_64-fedora-clang, r-devel-linux-x86_64-fedora-gcc, r-devel-windows-x86_64, r-devel-windows-x86_64-gcc10-UCRT, r-patched-linux-x86_64, r-patched-solaris-x86, r-release-linux-x86_64, r-release-macos-arm64, r-release-macos-x86_64, r-release-windows-ix86+x86_64