CRAN Package Check Results for Package HadamardR

Last updated on 2022-07-03 03:49:57 CEST.

Flavor Version Tinstall Tcheck Ttotal Status Flags
r-devel-linux-x86_64-debian-clang 1.0.0 5.30 34.65 39.95 NOTE
r-devel-linux-x86_64-debian-gcc 1.0.0 4.12 26.52 30.64 NOTE
r-devel-linux-x86_64-fedora-clang 1.0.0 60.25 NOTE
r-devel-linux-x86_64-fedora-gcc 1.0.0 57.23 NOTE
r-devel-windows-x86_64 1.0.0 57.00 66.00 123.00 NOTE
r-patched-linux-x86_64 1.0.0 5.01 33.20 38.21 NOTE
r-release-linux-x86_64 1.0.0 5.05 33.44 38.49 NOTE
r-release-macos-arm64 1.0.0 17.00 NOTE
r-release-macos-x86_64 1.0.0 27.00 NOTE
r-release-windows-x86_64 1.0.0 8.00 62.00 70.00 NOTE
r-oldrel-macos-arm64 1.0.0 23.00 NOTE
r-oldrel-macos-x86_64 1.0.0 33.00 NOTE
r-oldrel-windows-ix86+x86_64 1.0.0 9.00 54.00 63.00 NOTE

Check Details

Version: 1.0.0
Check: LazyData
Result: NOTE
     'LazyData' is specified without a 'data' directory
Flavors: r-devel-linux-x86_64-debian-clang, r-devel-linux-x86_64-debian-gcc, r-devel-linux-x86_64-fedora-clang, r-devel-linux-x86_64-fedora-gcc, r-devel-windows-x86_64, r-patched-linux-x86_64, r-release-linux-x86_64, r-release-macos-arm64, r-release-macos-x86_64, r-release-windows-x86_64, r-oldrel-macos-arm64, r-oldrel-macos-x86_64, r-oldrel-windows-ix86+x86_64