CRAN Package Check Results for Package HaploSim

Last updated on 2020-05-28 13:48:13 CEST.

Flavor Version Tinstall Tcheck Ttotal Status Flags
r-devel-linux-x86_64-debian-clang 1.8.4 3.47 29.70 33.17 NOTE
r-devel-linux-x86_64-debian-gcc 1.8.4 3.25 23.54 26.79 NOTE
r-devel-linux-x86_64-fedora-clang 1.8.4 42.80 NOTE
r-devel-linux-x86_64-fedora-gcc 1.8.4 39.98 NOTE
r-devel-windows-ix86+x86_64 1.8.4 10.00 57.00 67.00 NOTE
r-patched-linux-x86_64 1.8.4 4.01 29.93 33.94 NOTE
r-patched-solaris-x86 1.8.4 60.70 NOTE
r-release-linux-x86_64 1.8.4 3.49 29.61 33.10 NOTE
r-release-osx-x86_64 1.8.4 NOTE
r-release-windows-ix86+x86_64 1.8.4 8.00 57.00 65.00 NOTE
r-oldrel-osx-x86_64 1.8.4 NOTE
r-oldrel-windows-ix86+x86_64 1.8.4 9.00 42.00 51.00 NOTE

Check Details

Version: 1.8.4
Check: R code for possible problems
Result: NOTE
    AssignQTL : <anonymous>: no visible global function definition for
     'rgamma'
    AssignSingleQTL: no visible global function definition for 'rgamma'
    ListQTL : <anonymous>: no visible global function definition for
     'rgamma'
    SampleBaseHaplotype: no visible global function definition for 'runif'
    SampleHaplotype: no visible global function definition for 'rpois'
    SampleHaplotype: no visible global function definition for 'runif'
    SampleHaplotype: no visible global function definition for 'rbinom'
    Undefined global functions or variables:
     rbinom rgamma rpois runif
    Consider adding
     importFrom("stats", "rbinom", "rgamma", "rpois", "runif")
    to your NAMESPACE file.
Flavors: r-devel-linux-x86_64-debian-clang, r-devel-linux-x86_64-debian-gcc, r-devel-linux-x86_64-fedora-clang, r-devel-linux-x86_64-fedora-gcc, r-devel-windows-ix86+x86_64, r-patched-linux-x86_64, r-patched-solaris-x86, r-release-linux-x86_64, r-release-osx-x86_64, r-release-windows-ix86+x86_64, r-oldrel-osx-x86_64, r-oldrel-windows-ix86+x86_64