CRAN Package Check Results for Package HaploSim

Last updated on 2021-10-18 20:49:23 CEST.

Flavor Version Tinstall Tcheck Ttotal Status Flags
r-devel-linux-x86_64-debian-clang 1.8.4 3.61 32.05 35.66 NOTE
r-devel-linux-x86_64-debian-gcc 1.8.4 2.93 25.09 28.02 NOTE
r-devel-linux-x86_64-fedora-clang 1.8.4 53.76 NOTE
r-devel-linux-x86_64-fedora-gcc 1.8.4 43.32 NOTE
r-devel-windows-x86_64 1.8.4 9.00 47.00 56.00 NOTE
r-devel-windows-x86_64-gcc10-UCRT 1.8.4 NOTE
r-patched-linux-x86_64 1.8.4 4.53 31.27 35.80 NOTE
r-patched-solaris-x86 1.8.4 64.40 NOTE
r-release-linux-x86_64 1.8.4 3.82 30.62 34.44 NOTE
r-release-macos-arm64 1.8.4 NOTE
r-release-macos-x86_64 1.8.4 NOTE
r-release-windows-ix86+x86_64 1.8.4 8.00 51.00 59.00 NOTE
r-oldrel-macos-x86_64 1.8.4 NOTE
r-oldrel-windows-ix86+x86_64 1.8.4 20.00 53.00 73.00 NOTE

Check Details

Version: 1.8.4
Check: R code for possible problems
Result: NOTE
    AssignQTL : <anonymous>: no visible global function definition for
     'rgamma'
    AssignSingleQTL: no visible global function definition for 'rgamma'
    ListQTL : <anonymous>: no visible global function definition for
     'rgamma'
    SampleBaseHaplotype: no visible global function definition for 'runif'
    SampleHaplotype: no visible global function definition for 'rpois'
    SampleHaplotype: no visible global function definition for 'runif'
    SampleHaplotype: no visible global function definition for 'rbinom'
    Undefined global functions or variables:
     rbinom rgamma rpois runif
    Consider adding
     importFrom("stats", "rbinom", "rgamma", "rpois", "runif")
    to your NAMESPACE file.
Flavors: r-devel-linux-x86_64-debian-clang, r-devel-linux-x86_64-debian-gcc, r-devel-linux-x86_64-fedora-clang, r-devel-linux-x86_64-fedora-gcc, r-devel-windows-x86_64, r-devel-windows-x86_64-gcc10-UCRT, r-patched-linux-x86_64, r-patched-solaris-x86, r-release-linux-x86_64, r-release-macos-arm64, r-release-macos-x86_64, r-release-windows-ix86+x86_64, r-oldrel-macos-x86_64, r-oldrel-windows-ix86+x86_64