CRAN Package Check Results for Package HarmonicRegression

Last updated on 2020-12-01 11:47:36 CET.

Flavor Version Tinstall Tcheck Ttotal Status Flags
r-devel-linux-x86_64-debian-clang 1.0 2.92 27.34 30.26 NOTE
r-devel-linux-x86_64-debian-gcc 1.0 2.03 21.84 23.87 NOTE
r-devel-linux-x86_64-fedora-clang 1.0 45.62 NOTE
r-devel-linux-x86_64-fedora-gcc 1.0 33.77 NOTE
r-devel-windows-ix86+x86_64 1.0 4.00 42.00 46.00 NOTE
r-patched-linux-x86_64 1.0 2.93 26.89 29.82 NOTE
r-patched-solaris-x86 1.0 53.30 NOTE
r-release-linux-x86_64 1.0 2.55 26.20 28.75 NOTE
r-release-macos-x86_64 1.0 NOTE
r-release-windows-ix86+x86_64 1.0 6.00 34.00 40.00 NOTE
r-oldrel-macos-x86_64 1.0 NOTE
r-oldrel-windows-ix86+x86_64 1.0 4.00 42.00 46.00 NOTE

Check Details

Version: 1.0
Check: R code for possible problems
Result: NOTE
    fit.one.harmonic: no visible global function definition for 'var'
    fit.one.harmonic: no visible global function definition for 'lm'
    fit.one.harmonic: no visible binding for global variable 'na.exclude'
    fit.one.harmonic: no visible global function definition for 'fitted'
    fit.one.harmonic: no visible global function definition for 'coef'
    fit.one.harmonic: no visible global function definition for 'residuals'
    fit.one.harmonic.trend: no visible global function definition for 'lm'
    fit.one.harmonic.trend: no visible binding for global variable
     'na.exclude'
    fit.one.harmonic.trend: no visible global function definition for
     'fitted'
    fit.one.harmonic.trend: no visible global function definition for
     'coef'
    fit.one.harmonic.trend: no visible global function definition for
     'residuals'
    harmonic.f.test: no visible global function definition for 'pf'
    harmonic.regression.matrix: no visible global function definition for
     'lm'
    harmonic.regression.matrix: no visible global function definition for
     'fitted'
    harmonic.regression.matrix: no visible global function definition for
     'coef'
    harmonic.regression.matrix: no visible binding for global variable
     'var'
    harmonic.regression.matrix: no visible global function definition for
     'residuals'
    harmonic.regression.matrix: no visible global function definition for
     'p.adjust'
    harmonic.regression.matrix.trend: no visible global function definition
     for 'lm'
    harmonic.regression.matrix.trend: no visible global function definition
     for 'fitted'
    harmonic.regression.matrix.trend: no visible global function definition
     for 'coef'
    harmonic.regression.matrix.trend: no visible global function definition
     for 'residuals'
    harmonic.regression.matrix.trend: no visible global function definition
     for 'p.adjust'
    harmonic.regression.nas: no visible global function definition for
     'p.adjust'
    harmonic.regression.nas.trend: no visible global function definition
     for 'p.adjust'
    normalize.one.ts: no visible global function definition for 'lm'
    normalize.one.ts: no visible binding for global variable 'na.exclude'
    normalize.one.ts: no visible global function definition for 'fitted'
    normalize.one.ts: no visible global function definition for 'coef'
    normalize.ts.matrix: no visible global function definition for 'lm'
    normalize.ts.matrix: no visible global function definition for 'fitted'
    normalize.ts.matrix: no visible global function definition for 'coef'
    Undefined global functions or variables:
     coef fitted lm na.exclude p.adjust pf residuals var
    Consider adding
     importFrom("stats", "coef", "fitted", "lm", "na.exclude", "p.adjust",
     "pf", "residuals", "var")
    to your NAMESPACE file.
Flavors: r-devel-linux-x86_64-debian-clang, r-devel-linux-x86_64-debian-gcc, r-devel-linux-x86_64-fedora-clang, r-devel-linux-x86_64-fedora-gcc, r-devel-windows-ix86+x86_64, r-patched-linux-x86_64, r-patched-solaris-x86, r-release-linux-x86_64, r-release-macos-x86_64, r-release-windows-ix86+x86_64, r-oldrel-macos-x86_64, r-oldrel-windows-ix86+x86_64