CRAN Package Check Results for Package HeckmanEM

Last updated on 2021-05-14 18:48:13 CEST.

Flavor Version Tinstall Tcheck Ttotal Status Flags
r-devel-linux-x86_64-debian-clang 0.1.1 11.92 99.30 111.22 NOTE
r-devel-linux-x86_64-debian-gcc 0.1.1 10.21 76.20 86.41 NOTE
r-devel-linux-x86_64-fedora-clang 0.1.1 143.17 NOTE
r-devel-linux-x86_64-fedora-gcc 0.1.1 138.17 NOTE
r-devel-windows-ix86+x86_64 0.1.1 29.00 121.00 150.00 NOTE
r-devel-windows-x86_64-gcc10-UCRT 0.1.1 NOTE
r-patched-linux-x86_64 0.1.1 11.17 92.63 103.80 NOTE
r-patched-solaris-x86 0.1.1 201.90 NOTE
r-release-linux-x86_64 0.1.1 13.40 90.01 103.41 OK
r-release-macos-x86_64 0.1.1 OK
r-release-windows-ix86+x86_64 0.1.1 20.00 124.00 144.00 OK
r-oldrel-macos-x86_64 0.1.1 OK
r-oldrel-windows-ix86+x86_64 0.1.1 24.00 110.00 134.00 OK

Check Details

Version: 0.1.1
Check: LazyData
Result: NOTE
     'LazyData' is specified without a 'data' directory
Flavors: r-devel-linux-x86_64-debian-clang, r-devel-linux-x86_64-debian-gcc, r-devel-linux-x86_64-fedora-clang, r-devel-linux-x86_64-fedora-gcc, r-devel-windows-ix86+x86_64, r-devel-windows-x86_64-gcc10-UCRT, r-patched-linux-x86_64, r-patched-solaris-x86