CRAN Package Check Results for Package HeterFunctionalData

Last updated on 2024-07-18 06:57:25 CEST.

Flavor Version Tinstall Tcheck Ttotal Status Flags
r-devel-linux-x86_64-debian-clang 0.1.0 2.78 29.86 32.64 NOTE
r-devel-linux-x86_64-debian-gcc 0.1.0 1.99 21.77 23.76 NOTE
r-devel-linux-x86_64-fedora-clang 0.1.0 40.26 NOTE
r-devel-linux-x86_64-fedora-gcc 0.1.0 37.74 NOTE
r-devel-windows-x86_64 0.1.0 5.00 45.00 50.00 NOTE
r-patched-linux-x86_64 0.1.0 2.64 28.66 31.30 NOTE
r-release-linux-x86_64 0.1.0 2.48 28.20 30.68 NOTE
r-release-macos-arm64 0.1.0 15.00 NOTE
r-release-macos-x86_64 0.1.0 23.00 NOTE
r-release-windows-x86_64 0.1.0 4.00 44.00 48.00 NOTE
r-oldrel-macos-arm64 0.1.0 20.00 NOTE
r-oldrel-macos-x86_64 0.1.0 22.00 NOTE
r-oldrel-windows-x86_64 0.1.0 4.00 46.00 50.00 NOTE

Check Details

Version: 0.1.0
Check: Rd files
Result: NOTE checkRd: (-1) eu.Rd:24: Lost braces; missing escapes or markup? 24 | This function calcualtes the residual $x_{ijk}-bar{x}_{ij.}$ for the kth replication from the ith group at jth time point. | ^ checkRd: (-1) eu.Rd:24: Lost braces 24 | This function calcualtes the residual $x_{ijk}-bar{x}_{ij.}$ for the kth replication from the ith group at jth time point. | ^ checkRd: (-1) eu.Rd:24: Lost braces; missing escapes or markup? 24 | This function calcualtes the residual $x_{ijk}-bar{x}_{ij.}$ for the kth replication from the ith group at jth time point. | ^ checkRd: (-1) eu.Rd:11: Lost braces; missing escapes or markup? 11 | and the last column gives the observation $x_{ijk}$. | ^ checkRd: (-1) eu.Rd:12: Lost braces; missing escapes or markup? 12 | For given i and j, $x_{ijk}, k=1, ..., n_{ij}$ are assumed to be i.i.d. from the same distribution.} | ^ checkRd: (-1) eu.Rd:12: Lost braces; missing escapes or markup? 12 | For given i and j, $x_{ijk}, k=1, ..., n_{ij}$ are assumed to be i.i.d. from the same distribution.} | ^ checkRd: (-1) fun.sigijj12.Rd:5: Lost braces; missing escapes or markup? 5 | \title{Unbiased estimate of $sigma_{ijj1}^2$} | ^ checkRd: (-1) fun.sigijj12.Rd:20: Lost braces; missing escapes or markup? 20 | This function calculatess an unbiased estimate of $sigma_{ijj1}^2$ using the u-statisitic of vectors | ^ checkRd: (-1) fun.sigijj12.Rd:21: Lost braces; missing escapes or markup? 21 | $x=(x_1, x_2, ..., x_{ni})$ and $y=(y_1, y_2, ..., y_{ni})$, | ^ checkRd: (-1) fun.sigijj12.Rd:21: Lost braces; missing escapes or markup? 21 | $x=(x_1, x_2, ..., x_{ni})$ and $y=(y_1, y_2, ..., y_{ni})$, | ^ checkRd: (-1) fun.sigijj12.Rd:22: Lost braces; missing escapes or markup? 22 | where $X_j$ and $Y_j$ are correlated, but $X_j$ and $Y_{j1}$ are independent if $j ne j1$. | ^ checkRd: (-1) fun.sigijj12.Rd:23: Lost braces; missing escapes or markup? 23 | Note: $sum_{k1 ne k2 ne k3 ne k4} (x_{k1}-x_{k2)})(y_{k1}-y_{k2)}) (x_{k3}-x_{k4)}) (y_{k3}-y_{k4)})$ is an | ^ checkRd: (-1) fun.sigijj12.Rd:23: Lost braces; missing escapes or markup? 23 | Note: $sum_{k1 ne k2 ne k3 ne k4} (x_{k1}-x_{k2)})(y_{k1}-y_{k2)}) (x_{k3}-x_{k4)}) (y_{k3}-y_{k4)})$ is an | ^ checkRd: (-1) fun.sigijj12.Rd:23: Lost braces; missing escapes or markup? 23 | Note: $sum_{k1 ne k2 ne k3 ne k4} (x_{k1}-x_{k2)})(y_{k1}-y_{k2)}) (x_{k3}-x_{k4)}) (y_{k3}-y_{k4)})$ is an | ^ checkRd: (-1) fun.sigijj12.Rd:23: Lost braces; missing escapes or markup? 23 | Note: $sum_{k1 ne k2 ne k3 ne k4} (x_{k1}-x_{k2)})(y_{k1}-y_{k2)}) (x_{k3}-x_{k4)}) (y_{k3}-y_{k4)})$ is an | ^ checkRd: (-1) fun.sigijj12.Rd:23: Lost braces; missing escapes or markup? 23 | Note: $sum_{k1 ne k2 ne k3 ne k4} (x_{k1}-x_{k2)})(y_{k1}-y_{k2)}) (x_{k3}-x_{k4)}) (y_{k3}-y_{k4)})$ is an | ^ checkRd: (-1) fun.sigijj12.Rd:23: Lost braces; missing escapes or markup? 23 | Note: $sum_{k1 ne k2 ne k3 ne k4} (x_{k1}-x_{k2)})(y_{k1}-y_{k2)}) (x_{k3}-x_{k4)}) (y_{k3}-y_{k4)})$ is an | ^ checkRd: (-1) fun.sigijj12.Rd:23: Lost braces; missing escapes or markup? 23 | Note: $sum_{k1 ne k2 ne k3 ne k4} (x_{k1}-x_{k2)})(y_{k1}-y_{k2)}) (x_{k3}-x_{k4)}) (y_{k3}-y_{k4)})$ is an | ^ checkRd: (-1) fun.sigijj12.Rd:23: Lost braces; missing escapes or markup? 23 | Note: $sum_{k1 ne k2 ne k3 ne k4} (x_{k1}-x_{k2)})(y_{k1}-y_{k2)}) (x_{k3}-x_{k4)}) (y_{k3}-y_{k4)})$ is an | ^ checkRd: (-1) fun.sigijj12.Rd:23: Lost braces; missing escapes or markup? 23 | Note: $sum_{k1 ne k2 ne k3 ne k4} (x_{k1}-x_{k2)})(y_{k1}-y_{k2)}) (x_{k3}-x_{k4)}) (y_{k3}-y_{k4)})$ is an | ^ checkRd: (-1) fun.sigijj12.Rd:24: Lost braces; missing escapes or markup? 24 | unbiased est. of $4*ni*(ni-1)*(ni-2)*(ni-3) [E(X_{ijk}-mu_{ij} u_{ij1k}) ]^2$. | ^ checkRd: (-1) fun.sigijj12.Rd:24: Lost braces; missing escapes or markup? 24 | unbiased est. of $4*ni*(ni-1)*(ni-2)*(ni-3) [E(X_{ijk}-mu_{ij} u_{ij1k}) ]^2$. | ^ checkRd: (-1) fun.sigijj12.Rd:24: Lost braces; missing escapes or markup? 24 | unbiased est. of $4*ni*(ni-1)*(ni-2)*(ni-3) [E(X_{ijk}-mu_{ij} u_{ij1k}) ]^2$. | ^ checkRd: (-1) fun.sigijj12.Rd:16: Lost braces; missing escapes or markup? 16 | The sigmaijj12 variable gives an unbiased estimate of $sigma_{ijj1}^2$. | ^ checkRd: (-1) fun.sigijj12.Rd:17: Lost braces; missing escapes or markup? 17 | The ssijj1 variable gives an unbiased estimate of $sigma_{ijj} sigma_{ij_1j_1}$. | ^ checkRd: (-1) fun.sigijj12.Rd:17: Lost braces; missing escapes or markup? 17 | The ssijj1 variable gives an unbiased estimate of $sigma_{ijj} sigma_{ij_1j_1}$. | ^ checkRd: (-1) sigma4.Rd:17: Lost braces; missing escapes or markup? 17 | the U-statistic $sum_{k1 ne k2 ne k3 ne k4} (x_{k1}-x_{k2)})^2 (x_{k3}-x_{k4)})^2$. | ^ checkRd: (-1) sigma4.Rd:17: Lost braces; missing escapes or markup? 17 | the U-statistic $sum_{k1 ne k2 ne k3 ne k4} (x_{k1}-x_{k2)})^2 (x_{k3}-x_{k4)})^2$. | ^ checkRd: (-1) sigma4.Rd:17: Lost braces; missing escapes or markup? 17 | the U-statistic $sum_{k1 ne k2 ne k3 ne k4} (x_{k1}-x_{k2)})^2 (x_{k3}-x_{k4)})^2$. | ^ checkRd: (-1) sigma4.Rd:17: Lost braces; missing escapes or markup? 17 | the U-statistic $sum_{k1 ne k2 ne k3 ne k4} (x_{k1}-x_{k2)})^2 (x_{k3}-x_{k4)})^2$. | ^ checkRd: (-1) sigma4.Rd:17: Lost braces; missing escapes or markup? 17 | the U-statistic $sum_{k1 ne k2 ne k3 ne k4} (x_{k1}-x_{k2)})^2 (x_{k3}-x_{k4)})^2$. | ^ Flavors: r-devel-linux-x86_64-debian-clang, r-devel-linux-x86_64-debian-gcc, r-devel-linux-x86_64-fedora-clang, r-devel-linux-x86_64-fedora-gcc, r-devel-windows-x86_64, r-patched-linux-x86_64, r-release-linux-x86_64, r-release-macos-arm64, r-release-macos-x86_64, r-release-windows-x86_64

Version: 0.1.0
Check: LazyData
Result: NOTE 'LazyData' is specified without a 'data' directory Flavors: r-devel-linux-x86_64-debian-clang, r-devel-linux-x86_64-debian-gcc, r-devel-linux-x86_64-fedora-clang, r-devel-linux-x86_64-fedora-gcc, r-devel-windows-x86_64, r-patched-linux-x86_64, r-release-linux-x86_64, r-release-macos-arm64, r-release-macos-x86_64, r-release-windows-x86_64, r-oldrel-macos-arm64, r-oldrel-macos-x86_64, r-oldrel-windows-x86_64