Last updated on 2023-06-06 14:59:27 CEST.
Flavor | Version | Tinstall | Tcheck | Ttotal | Status | Flags |
---|---|---|---|---|---|---|
r-devel-linux-x86_64-debian-clang | 1.0.0 | 9.98 | 77.48 | 87.46 | OK | |
r-devel-linux-x86_64-debian-gcc | 1.0.0 | 7.36 | 60.78 | 68.14 | OK | |
r-devel-linux-x86_64-fedora-clang | 1.0.0 | 107.16 | OK | |||
r-devel-linux-x86_64-fedora-gcc | 1.0.0 | 114.51 | OK | |||
r-devel-windows-x86_64 | 1.0.0 | 9.00 | 83.00 | 92.00 | OK | |
r-patched-linux-x86_64 | 1.0.0 | 7.96 | 75.54 | 83.50 | OK | |
r-release-linux-x86_64 | 1.0.0 | 7.35 | 73.56 | 80.91 | OK | |
r-release-macos-arm64 | 1.0.0 | 44.00 | OK | |||
r-release-macos-x86_64 | 1.0.0 | 94.00 | OK | |||
r-release-windows-x86_64 | 1.0.0 | 12.00 | 90.00 | 102.00 | OK | |
r-oldrel-macos-arm64 | 1.0.0 | 9.00 | ERROR | |||
r-oldrel-macos-x86_64 | 1.0.0 | 12.00 | ERROR | |||
r-oldrel-windows-x86_64 | 1.0.0 | 11.00 | 94.00 | 105.00 | OK |
Version: 1.0.0
Check: package dependencies
Result: ERROR
Package required but not available: ‘fmrs’
See section ‘The DESCRIPTION file’ in the ‘Writing R Extensions’
manual.
Flavors: r-oldrel-macos-arm64, r-oldrel-macos-x86_64