CRAN Package Check Results for Package HiCblock

Last updated on 2019-05-22 08:53:17 CEST.

Flavor Version Tinstall Tcheck Ttotal Status Flags
r-devel-linux-x86_64-debian-clang 1.4 28.95 258.50 287.45 OK
r-devel-linux-x86_64-debian-gcc 1.4 26.12 206.90 233.02 OK
r-devel-linux-x86_64-fedora-clang 1.4 362.58 OK
r-devel-linux-x86_64-fedora-gcc 1.4 351.84 OK
r-devel-windows-ix86+x86_64 1.4 54.00 338.00 392.00 OK
r-patched-linux-x86_64 1.4 29.09 259.99 289.08 OK
r-patched-solaris-x86 1.4 556.30 OK
r-release-linux-x86_64 1.4 30.33 255.44 285.77 OK
r-release-windows-ix86+x86_64 1.4 69.00 325.00 394.00 OK
r-release-osx-x86_64 1.4 ERROR
r-oldrel-windows-ix86+x86_64 1.4 30.00 209.00 239.00 NOTE
r-oldrel-osx-x86_64 1.4 ERROR

Check Details

Version: 1.4
Check: package dependencies
Result: ERROR
    Packages required but not available:
     'IRanges', 'GenomeInfoDb', 'GenomicRanges', 'rtracklayer', 'HiTC',
     'S4Vectors'
    
    See section ‘The DESCRIPTION file’ in the ‘Writing R Extensions’
    manual.
Flavor: r-release-osx-x86_64

Version: 1.4
Check: data for non-ASCII characters
Result: NOTE
     Error in .requirePackage(package) :
     unable to find required package 'HiTC'
     Calls: <Anonymous> ... getClass -> getClassDef -> .classEnv -> .requirePackage
     Execution halted
Flavor: r-oldrel-windows-ix86+x86_64

Version: 1.4
Check: package dependencies
Result: ERROR
    Packages required but not available: ‘rtracklayer’ ‘HiTC’
    
    See section ‘The DESCRIPTION file’ in the ‘Writing R Extensions’
    manual.
Flavor: r-oldrel-osx-x86_64