CRAN Package Check Results for Package HiCblock

Last updated on 2019-08-22 00:51:14 CEST.

Flavor Version Tinstall Tcheck Ttotal Status Flags
r-devel-linux-x86_64-debian-clang 1.5 30.61 268.14 298.75 OK
r-devel-linux-x86_64-debian-gcc 1.5 27.92 211.67 239.59 OK
r-devel-linux-x86_64-fedora-clang 1.5 371.36 OK
r-devel-linux-x86_64-fedora-gcc 1.5 379.63 OK
r-devel-windows-ix86+x86_64 1.4 74.00 335.00 409.00 OK
r-patched-linux-x86_64 1.5 27.34 258.74 286.08 OK
r-patched-solaris-x86 1.5 513.70 OK
r-release-linux-x86_64 1.4 28.91 260.47 289.38 OK
r-release-windows-ix86+x86_64 1.4 71.00 323.00 394.00 OK
r-release-osx-x86_64 1.5 ERROR
r-oldrel-windows-ix86+x86_64 1.4 42.00 303.00 345.00 OK
r-oldrel-osx-x86_64 1.5 ERROR

Check Details

Version: 1.5
Check: package dependencies
Result: ERROR
    Packages required but not available:
     'IRanges', 'GenomeInfoDb', 'GenomicRanges', 'rtracklayer', 'HiTC',
     'S4Vectors'
    
    See section ‘The DESCRIPTION file’ in the ‘Writing R Extensions’
    manual.
Flavor: r-release-osx-x86_64

Version: 1.5
Check: package dependencies
Result: ERROR
    Packages required but not available: ‘rtracklayer’ ‘HiTC’
    
    See section ‘The DESCRIPTION file’ in the ‘Writing R Extensions’
    manual.
Flavor: r-oldrel-osx-x86_64