CRAN Package Check Results for Package HiDimDA

Last updated on 2021-07-28 21:52:30 CEST.

Flavor Version Tinstall Tcheck Ttotal Status Flags
r-devel-linux-x86_64-debian-clang 0.2-4 OK
r-devel-linux-x86_64-debian-gcc 0.2-4 8.41 39.40 47.81 OK
r-devel-linux-x86_64-fedora-clang 0.2-4 87.05 NOTE
r-devel-linux-x86_64-fedora-gcc 0.2-4 74.21 NOTE
r-devel-windows-x86_64 0.2-4 14.00 69.00 83.00 OK
r-devel-windows-x86_64-gcc10-UCRT 0.2-4 OK
r-patched-linux-x86_64 0.2-4 11.82 50.63 62.45 OK
r-patched-solaris-x86 0.2-4 99.20 OK
r-release-linux-x86_64 0.2-4 10.12 49.79 59.91 OK
r-release-macos-arm64 0.2-4 OK
r-release-macos-x86_64 0.2-4 OK
r-release-windows-ix86+x86_64 0.2-4 22.00 62.00 84.00 OK
r-oldrel-macos-x86_64 0.2-4 OK
r-oldrel-windows-ix86+x86_64 0.2-4 17.00 84.00 101.00 OK

Check Details

Version: 0.2-4
Check: compiled code
Result: NOTE
    File ‘HiDimDA/libs/HiDimDA.so’:
     Found no calls to: ‘R_registerRoutines’, ‘R_useDynamicSymbols’
    
    It is good practice to register native routines and to disable symbol
    search.
    
    See ‘Writing portable packages’ in the ‘Writing R Extensions’ manual.
Flavors: r-devel-linux-x86_64-fedora-clang, r-devel-linux-x86_64-fedora-gcc