CRAN Package Check Results for Package HiDimDA

Last updated on 2022-10-04 11:50:13 CEST.

Flavor Version Tinstall Tcheck Ttotal Status Flags
r-devel-linux-x86_64-debian-clang 0.2-4 12.29 56.87 69.16 OK
r-devel-linux-x86_64-debian-gcc 0.2-4 9.31 41.50 50.81 OK
r-devel-linux-x86_64-fedora-clang 0.2-4 96.85 NOTE
r-devel-linux-x86_64-fedora-gcc 0.2-4 89.67 NOTE
r-devel-windows-x86_64 0.2-4 32.00 86.00 118.00 OK
r-patched-linux-x86_64 0.2-4 10.77 52.88 63.65 OK
r-release-linux-x86_64 0.2-4 10.07 52.85 62.92 OK
r-release-macos-arm64 0.2-4 27.00 OK
r-release-macos-x86_64 0.2-4 35.00 OK
r-release-windows-x86_64 0.2-4 31.00 82.00 113.00 OK
r-oldrel-macos-arm64 0.2-4 31.00 OK
r-oldrel-macos-x86_64 0.2-4 65.00 OK
r-oldrel-windows-ix86+x86_64 0.2-4 23.00 89.00 112.00 OK

Check Details

Version: 0.2-4
Check: compiled code
Result: NOTE
    File ‘HiDimDA/libs/HiDimDA.so’:
     Found no calls to: ‘R_registerRoutines’, ‘R_useDynamicSymbols’
    
    It is good practice to register native routines and to disable symbol
    search.
    
    See ‘Writing portable packages’ in the ‘Writing R Extensions’ manual.
Flavors: r-devel-linux-x86_64-fedora-clang, r-devel-linux-x86_64-fedora-gcc