CRAN Package Check Results for Package HiLMM

Last updated on 2020-09-24 23:47:52 CEST.

Flavor Version Tinstall Tcheck Ttotal Status Flags
r-devel-linux-x86_64-debian-clang 1.1 2.22 26.30 28.52 NOTE
r-devel-linux-x86_64-debian-gcc 1.1 1.47 21.14 22.61 NOTE
r-devel-linux-x86_64-fedora-clang 1.1 44.14 NOTE
r-devel-linux-x86_64-fedora-gcc 1.1 36.04 NOTE
r-devel-windows-ix86+x86_64 1.1 5.00 50.00 55.00 NOTE
r-patched-linux-x86_64 1.1 1.88 26.11 27.99 NOTE
r-patched-solaris-x86 1.1 58.80 NOTE
r-release-linux-x86_64 1.1 2.04 25.93 27.97 NOTE
r-release-macos-x86_64 1.1 NOTE
r-release-windows-ix86+x86_64 1.1 6.00 38.00 44.00 NOTE
r-oldrel-macos-x86_64 1.1 NOTE
r-oldrel-windows-ix86+x86_64 1.1 4.00 65.00 69.00 NOTE

Check Details

Version: 1.1
Check: R code for possible problems
Result: NOTE
    data_simu: no visible global function definition for 'runif'
    data_simu: no visible global function definition for 'rbinom'
    data_simu: no visible global function definition for 'rnorm'
    Undefined global functions or variables:
     rbinom rnorm runif
    Consider adding
     importFrom("stats", "rbinom", "rnorm", "runif")
    to your NAMESPACE file.
Flavors: r-devel-linux-x86_64-debian-clang, r-devel-linux-x86_64-debian-gcc, r-devel-linux-x86_64-fedora-clang, r-devel-linux-x86_64-fedora-gcc, r-devel-windows-ix86+x86_64, r-patched-linux-x86_64, r-patched-solaris-x86, r-release-linux-x86_64, r-release-macos-x86_64, r-release-windows-ix86+x86_64, r-oldrel-macos-x86_64, r-oldrel-windows-ix86+x86_64