Last updated on 2023-01-29 23:03:10 CET.
Flavor | Version | Tinstall | Tcheck | Ttotal | Status | Flags |
---|---|---|---|---|---|---|
r-devel-linux-x86_64-debian-clang | 0.1.0 | 2.58 | 23.72 | 26.30 | OK | |
r-devel-linux-x86_64-debian-gcc | 0.1.0 | 1.90 | 19.07 | 20.97 | OK | |
r-devel-linux-x86_64-fedora-clang | 0.1.0 | 33.16 | NOTE | |||
r-devel-linux-x86_64-fedora-gcc | 0.1.0 | 33.83 | NOTE | |||
r-devel-windows-x86_64 | 0.1.0 | 22.00 | 58.00 | 80.00 | OK | |
r-patched-linux-x86_64 | 0.1.0 | 1.96 | 24.49 | 26.45 | OK | |
r-release-linux-x86_64 | 0.1.0 | 1.64 | 24.50 | 26.14 | OK | |
r-release-macos-arm64 | 0.1.0 | 17.00 | NOTE | |||
r-release-macos-x86_64 | 0.1.0 | 27.00 | NOTE | |||
r-release-windows-x86_64 | 0.1.0 | 14.00 | 57.00 | 71.00 | OK | |
r-oldrel-macos-arm64 | 0.1.0 | 16.00 | NOTE | |||
r-oldrel-macos-x86_64 | 0.1.0 | 23.00 | NOTE | |||
r-oldrel-windows-ix86+x86_64 | 0.1.0 | 6.00 | 47.00 | 53.00 | OK |
Version: 0.1.0
Check: dependencies in R code
Result: NOTE
Namespace in Imports field not imported from: ‘RiskPortfolios’
All declared Imports should be used.
Flavors: r-devel-linux-x86_64-fedora-clang, r-devel-linux-x86_64-fedora-gcc, r-release-macos-arm64, r-release-macos-x86_64, r-oldrel-macos-arm64, r-oldrel-macos-x86_64