Last updated on 2023-09-23 19:55:31 CEST.
Flavor | Version | Tinstall | Tcheck | Ttotal | Status | Flags |
---|---|---|---|---|---|---|
r-devel-linux-x86_64-debian-clang | 0.3.2 | 7.73 | 83.63 | 91.36 | NOTE | |
r-devel-linux-x86_64-debian-gcc | 0.3.2 | 7.07 | 70.98 | 78.05 | NOTE | |
r-devel-linux-x86_64-fedora-clang | 0.3.2 | 123.89 | NOTE | |||
r-devel-linux-x86_64-fedora-gcc | 0.3.2 | 135.25 | NOTE | |||
r-devel-windows-x86_64 | 0.3.2 | 8.00 | 124.00 | 132.00 | NOTE | |
r-patched-linux-x86_64 | 0.3.2 | 6.10 | 79.71 | 85.81 | OK | |
r-release-linux-x86_64 | 0.3.2 | 4.86 | 81.40 | 86.26 | OK | |
r-release-macos-arm64 | 0.3.2 | 51.00 | OK | |||
r-release-macos-x86_64 | 0.3.2 | 77.00 | NOTE | |||
r-release-windows-x86_64 | 0.3.2 | 10.00 | 122.00 | 132.00 | OK | |
r-oldrel-macos-arm64 | 0.3.2 | 61.00 | OK | |||
r-oldrel-macos-x86_64 | 0.3.2 | 100.00 | OK | |||
r-oldrel-windows-x86_64 | 0.3.2 | 10.00 | 129.00 | 139.00 | OK |
Version: 0.3.2
Check: Rd metadata
Result: NOTE
Invalid package aliases in Rd file 'histogram-package.Rd':
‘histogramtools-package’
Flavors: r-devel-linux-x86_64-debian-clang, r-devel-linux-x86_64-debian-gcc, r-devel-linux-x86_64-fedora-clang, r-devel-linux-x86_64-fedora-gcc, r-devel-windows-x86_64
Version: 0.3.2
Check: package dependencies
Result: NOTE
Package which this enhances but not available for checking: ‘RProtoBuf’
Flavor: r-release-macos-x86_64
Version: 0.3.2
Check: Rd cross-references
Result: NOTE
Package unavailable to check Rd xrefs: ‘RProtoBuf’
Flavor: r-release-macos-x86_64