CRAN Package Check Results for Package Hmisc

Last updated on 2022-08-07 22:54:01 CEST.

Flavor Version Tinstall Tcheck Ttotal Status Flags
r-devel-linux-x86_64-debian-clang 4.7-0 57.11 403.55 460.66 NOTE
r-devel-linux-x86_64-debian-gcc 4.7-0 45.53 290.95 336.48 NOTE
r-devel-linux-x86_64-fedora-clang 4.7-0 546.45 OK
r-devel-linux-x86_64-fedora-gcc 4.7-0 512.44 OK
r-devel-windows-x86_64 4.7-0 139.00 424.00 563.00 OK
r-patched-linux-x86_64 4.7-0 64.80 366.31 431.11 OK
r-release-linux-x86_64 4.7-0 39.70 359.43 399.13 OK
r-release-macos-arm64 4.7-0 113.00 OK
r-release-macos-x86_64 4.7-0 195.00 OK
r-release-windows-x86_64 4.7-0 134.00 423.00 557.00 OK
r-oldrel-macos-arm64 4.7-0 136.00 OK
r-oldrel-macos-x86_64 4.7-0 188.00 OK
r-oldrel-windows-ix86+x86_64 4.7-0 108.00 536.00 644.00 OK

Check Details

Version: 4.7-0
Check: HTML version of manual
Result: NOTE
    Found the following math rendering problems:
    rcorr.cens.Rd:14: Undefined control sequence: \var in \var{Dxy}=2(\var{c}...
    rcspline.plot.Rd:44: Undefined control sequence: \var in 1 - \var{f}
    rcspline.plot.Rd:45: Undefined control sequence: \var in \var{f} = \frac{10}...
    rcspline.restate.Rd:32: Undefined control sequence: \var in \var{k}-1
    rm.boot.Rd:122: Undefined control sequence: \var in \var{k} - 1
    rm.boot.Rd:345: Undefined control sequence: \var in \var{m} > \var{n}
    rm.boot.Rd:347: Undefined control sequence: \var in \var{m} < \var{n}
    rm.boot.Rd:348-349: Undefined control sequence: \var in \var{n} -
     \var{m}
    scat1d.Rd:19: Undefined control sequence: \var in \code{eps}*\var{w}
    scat1d.Rd:22-23: Undefined control sequence: \var in ...\code{jitfrac}*\var{w},
     \code{ji...
    scat1d.Rd:178: Undefined control sequence: \var in \max{(.1, 125/\var{n})}
    scat1d.Rd:230-231: Undefined control sequence: \var in ...de{fill}*\min{(\var{u}-\var{d},\va...
    scat1d.Rd:236-237: Undefined control sequence: \var in ...de{fill}*\min{(\var{u}-\var{d},\va...
    scat1d.Rd:239: Undefined control sequence: \var in \min{(\var{u}-\var{d},\va...
    scat1d.Rd:283: Undefined control sequence: \var in \var{l}<\var{d}<\va...
    transace.Rd:87: Undefined control sequence: \var in \var{ginverse}(\var...
    transace.Rd:101-102: Undefined control sequence: \var in \var{ginverse}(\var...
    transace.Rd:250: Undefined control sequence: \var in \var{ginverse}(\var...
    transcan.Rd:272: Undefined control sequence: \var in \var{n} < 30
    transcan.Rd:273: Undefined control sequence: \var in 30 <= \var{n} < 100
    transcan.Rd:274: Undefined control sequence: \var in \var{n} \ge 100
    transcan.Rd:770-771: Undefined control sequence: \var in ...rac{1-\frac{(1-\var{R2})(\var{n}-1...
    transcan.Rd:783: Undefined control sequence: \var in + \var{m}
    transcan.Rd:788-789: Undefined control sequence: \var in 1-\frac{(1-\var{R2})(\var{n}-1...
    transcan.Rd:797: Undefined control sequence: \var in \sqrt{\var{n}-1}
Flavors: r-devel-linux-x86_64-debian-clang, r-devel-linux-x86_64-debian-gcc