CRAN Package Check Results for Package Hmisc

Last updated on 2021-01-26 15:49:47 CET.

Flavor Version Tinstall Tcheck Ttotal Status Flags
r-devel-linux-x86_64-debian-clang 4.4-2 55.85 325.37 381.22 NOTE
r-devel-linux-x86_64-debian-gcc 4.4-2 41.81 236.70 278.51 NOTE
r-devel-linux-x86_64-fedora-clang 4.4-2 447.35 NOTE
r-devel-linux-x86_64-fedora-gcc 4.4-2 458.12 NOTE
r-devel-windows-ix86+x86_64 4.4-2 107.00 506.00 613.00 NOTE
r-patched-linux-x86_64 4.4-2 49.70 292.69 342.39 NOTE
r-patched-solaris-x86 4.4-2 527.90 NOTE
r-release-linux-x86_64 4.4-2 48.08 297.96 346.04 NOTE
r-release-macos-x86_64 4.4-2 NOTE
r-release-windows-ix86+x86_64 4.4-2 100.00 375.00 475.00 NOTE
r-oldrel-macos-x86_64 4.4-2 NOTE
r-oldrel-windows-ix86+x86_64 4.4-2 83.00 411.00 494.00 NOTE

Check Details

Version: 4.4-2
Check: R code for possible problems
Result: NOTE
    propsPO: multiple local function definitions for 'g' with different
     formal arguments
Flavors: r-devel-linux-x86_64-debian-clang, r-devel-linux-x86_64-debian-gcc, r-devel-linux-x86_64-fedora-clang, r-devel-linux-x86_64-fedora-gcc, r-devel-windows-ix86+x86_64, r-patched-linux-x86_64, r-patched-solaris-x86, r-release-linux-x86_64, r-release-macos-x86_64, r-release-windows-ix86+x86_64, r-oldrel-macos-x86_64, r-oldrel-windows-ix86+x86_64