CRAN Package Check Results for Package Hmsc

Last updated on 2020-01-18 18:47:18 CET.

Flavor Version Tinstall Tcheck Ttotal Status Flags
r-devel-linux-x86_64-debian-clang 3.0-4 19.01 157.66 176.67 OK
r-devel-linux-x86_64-debian-gcc 3.0-4 18.09 118.76 136.85 OK
r-devel-linux-x86_64-fedora-clang 3.0-4 223.20 OK
r-devel-linux-x86_64-fedora-gcc 3.0-4 223.35 OK
r-devel-windows-ix86+x86_64 3.0-4 56.00 208.00 264.00 OK
r-devel-windows-ix86+x86_64-gcc8 3.0-4 35.00 152.00 187.00 OK
r-patched-linux-x86_64 3.0-4 18.24 135.60 153.84 OK
r-patched-solaris-x86 3.0-4 263.50 OK
r-release-linux-x86_64 3.0-4 15.86 135.92 151.78 OK
r-release-windows-ix86+x86_64 3.0-4 50.00 211.00 261.00 OK
r-release-osx-x86_64 3.0-4 OK
r-oldrel-windows-ix86+x86_64 3.0-4 35.00 179.00 214.00 WARN
r-oldrel-osx-x86_64 3.0-4 OK

Check Details

Version: 3.0-4
Check: whether package can be installed
Result: WARN
    Found the following significant warnings:
     Warning: S3 methods '[.fun_list', '[.grouped_df', 'all.equal.tbl_df', 'anti_join.data.frame', 'anti_join.tbl_df', 'arrange.data.frame', 'arrange.default', 'arrange.grouped_df', 'arrange.tbl_df', 'arrange_.data.frame', 'arrange_.tbl_df', 'as.data.frame.grouped_df', 'as.data.frame.rowwise_df', 'as.data.frame.tbl_cube', 'as.table.tbl_cube', 'as.tbl.data.frame', 'as.tbl.tbl', 'as.tbl_cube.array', 'as.tbl_cube.data.frame', 'as.tbl_cube.matrix', 'as.tbl_cube.table', 'as_tibble.grouped_df', 'as_tibble.tbl_cube', 'auto_copy.tbl_cube', 'auto_copy.tbl_df', 'cbind.grouped_df', 'collapse.data.frame', 'collect.data.frame', 'common_by.NULL', 'common_by.character', 'common_by.default', 'common_by.list', 'compute.data.frame', 'copy_to.DBIConnection', 'copy_to.src_local', 'default_missing.data.frame', 'default_missing.default', 'dim.tbl_cube', 'distinct.data.frame', 'distinct.default', 'distinct.grouped_df', 'distinct.tbl_df', 'distinct_.data.frame', 'distinct_.grouped_df', 'distinct_.tbl_df', 'do.NULL', 'do.da [... truncated]
Flavor: r-oldrel-windows-ix86+x86_64