CRAN Package Check Results for Package HotDeckImputation

Last updated on 2019-06-26 13:52:02 CEST.

Flavor Version Tinstall Tcheck Ttotal Status Flags
r-devel-linux-x86_64-debian-clang 1.1.0 3.96 19.98 23.94 OK
r-devel-linux-x86_64-debian-gcc 1.1.0 2.98 16.19 19.17 OK
r-devel-linux-x86_64-fedora-clang 1.1.0 29.65 NOTE
r-devel-linux-x86_64-fedora-gcc 1.1.0 27.55 NOTE
r-devel-windows-ix86+x86_64 1.1.0 22.00 53.00 75.00 OK
r-patched-linux-x86_64 1.1.0 3.48 20.20 23.68 OK
r-patched-solaris-x86 1.1.0 45.10 OK
r-release-linux-x86_64 1.1.0 3.78 20.05 23.83 OK
r-release-windows-ix86+x86_64 1.1.0 13.00 65.00 78.00 OK
r-release-osx-x86_64 1.1.0 OK
r-oldrel-windows-ix86+x86_64 1.1.0 11.00 47.00 58.00 OK
r-oldrel-osx-x86_64 1.1.0 OK

Check Details

Version: 1.1.0
Check: compiled code
Result: NOTE
    File ‘HotDeckImputation/libs/HotDeckImputation.so’:
     Found no calls to: ‘R_registerRoutines’, ‘R_useDynamicSymbols’
    
    It is good practice to register native routines and to disable symbol
    search.
    
    See ‘Writing portable packages’ in the ‘Writing R Extensions’ manual.
Flavors: r-devel-linux-x86_64-fedora-clang, r-devel-linux-x86_64-fedora-gcc