CRAN Package Check Results for Package HotDeckImputation

Last updated on 2019-09-19 02:47:50 CEST.

Flavor Version Tinstall Tcheck Ttotal Status Flags
r-devel-linux-x86_64-debian-clang 1.1.0 3.77 19.73 23.50 OK
r-devel-linux-x86_64-debian-gcc 1.1.0 3.14 15.90 19.04 OK
r-devel-linux-x86_64-fedora-clang 1.1.0 30.23 NOTE
r-devel-linux-x86_64-fedora-gcc 1.1.0 28.54 NOTE
r-devel-windows-ix86+x86_64 1.1.0 22.00 50.00 72.00 OK
r-patched-linux-x86_64 1.1.0 3.57 19.40 22.97 OK
r-patched-solaris-x86 1.1.0 43.80 OK
r-release-linux-x86_64 1.1.0 3.27 19.89 23.16 OK
r-release-windows-ix86+x86_64 1.1.0 13.00 65.00 78.00 OK
r-release-osx-x86_64 1.1.0 OK
r-oldrel-windows-ix86+x86_64 1.1.0 11.00 47.00 58.00 OK
r-oldrel-osx-x86_64 1.1.0 OK

Check Details

Version: 1.1.0
Check: compiled code
Result: NOTE
    File ‘HotDeckImputation/libs/HotDeckImputation.so’:
     Found no calls to: ‘R_registerRoutines’, ‘R_useDynamicSymbols’
    
    It is good practice to register native routines and to disable symbol
    search.
    
    See ‘Writing portable packages’ in the ‘Writing R Extensions’ manual.
Flavors: r-devel-linux-x86_64-fedora-clang, r-devel-linux-x86_64-fedora-gcc