CRAN Package Check Results for Package HotellingEllipse

Last updated on 2021-09-24 16:50:04 CEST.

Flavor Version Tinstall Tcheck Ttotal Status Flags
r-devel-linux-x86_64-debian-clang 0.1.1 4.74 41.42 46.16 OK
r-devel-linux-x86_64-debian-gcc 0.1.1 4.11 31.81 35.92 OK
r-devel-linux-x86_64-fedora-clang 0.1.1 64.76 NOTE
r-devel-linux-x86_64-fedora-gcc 0.1.1 53.81 NOTE
r-devel-windows-x86_64 0.1.1 7.00 46.00 53.00 OK
r-devel-windows-x86_64-gcc10-UCRT 0.1.1 NOTE
r-patched-linux-x86_64 0.1.1 5.31 38.93 44.24 OK
r-patched-solaris-x86 0.1.1 95.00 NOTE
r-release-linux-x86_64 0.1.1 4.74 38.82 43.56 OK
r-release-macos-arm64 0.1.1 NOTE
r-release-macos-x86_64 0.1.1 NOTE
r-release-windows-ix86+x86_64 0.1.1 11.00 57.00 68.00 OK
r-oldrel-macos-x86_64 0.1.1 NOTE
r-oldrel-windows-ix86+x86_64 0.1.1 8.00 46.00 54.00 OK

Check Details

Version: 0.1.1
Check: dependencies in R code
Result: NOTE
    Namespaces in Imports field not imported from:
     ‘FactoMineR’ ‘dplyr’ ‘ggforce’ ‘ggplot2’ ‘lifecycle’ ‘purrr’
     All declared Imports should be used.
Flavors: r-devel-linux-x86_64-fedora-clang, r-devel-linux-x86_64-fedora-gcc, r-devel-windows-x86_64-gcc10-UCRT, r-patched-solaris-x86, r-release-macos-arm64, r-release-macos-x86_64, r-oldrel-macos-x86_64