Last updated on 2023-12-10 23:55:47 CET.
Flavor | Version | Tinstall | Tcheck | Ttotal | Status | Flags |
---|---|---|---|---|---|---|
r-devel-linux-x86_64-debian-clang | 0.1.1 | 30.42 | 343.80 | 374.22 | NOTE | |
r-devel-linux-x86_64-debian-gcc | 0.1.1 | 26.29 | 257.58 | 283.87 | NOTE | |
r-devel-linux-x86_64-fedora-clang | 0.1.1 | 492.54 | NOTE | |||
r-devel-linux-x86_64-fedora-gcc | 0.1.1 | 468.12 | NOTE | |||
r-devel-windows-x86_64 | 0.1.1 | 30.00 | 245.00 | 275.00 | NOTE | |
r-patched-linux-x86_64 | 0.1.1 | 29.43 | 329.13 | 358.56 | NOTE | |
r-release-linux-x86_64 | 0.1.1 | 23.45 | 329.20 | 352.65 | NOTE | |
r-release-macos-arm64 | 0.1.1 | 9.00 | ERROR | |||
r-release-macos-x86_64 | 0.1.1 | 62.00 | ERROR | |||
r-release-windows-x86_64 | 0.1.1 | 25.00 | 292.00 | 317.00 | NOTE | |
r-oldrel-macos-arm64 | 0.1.1 | 146.00 | NOTE | |||
r-oldrel-macos-x86_64 | 0.1.0 | 147.00 | OK | |||
r-oldrel-windows-x86_64 | 0.1.0 | 37.00 | 267.00 | 304.00 | OK |
Version: 0.1.1
Check: package dependencies
Result: NOTE
Package suggested but not available for checking: ‘microViz’
Flavors: r-devel-linux-x86_64-debian-clang, r-devel-linux-x86_64-debian-gcc, r-devel-linux-x86_64-fedora-clang, r-devel-linux-x86_64-fedora-gcc, r-devel-windows-x86_64, r-patched-linux-x86_64, r-release-linux-x86_64, r-release-windows-x86_64, r-oldrel-macos-arm64
Version: 0.1.1
Check: package dependencies
Result: ERROR
Package required but not available: ‘phyloseq’
Package suggested but not available for checking: ‘microViz’
See section ‘The DESCRIPTION file’ in the ‘Writing R Extensions’
manual.
Flavors: r-release-macos-arm64, r-release-macos-x86_64