CRAN Package Check Results for Package HypergeoMat

Last updated on 2023-03-27 01:51:54 CEST.

Flavor Version Tinstall Tcheck Ttotal Status Flags
r-devel-linux-x86_64-debian-clang 4.0.2 29.93 45.83 75.76 OK
r-devel-linux-x86_64-debian-gcc 4.0.2 24.40 37.29 61.69 OK
r-devel-linux-x86_64-fedora-gcc 4.0.2 107.01 OK
r-devel-windows-x86_64 4.0.2 44.00 113.00 157.00 OK
r-patched-linux-x86_64 4.0.2 28.78 45.68 74.46 OK
r-release-linux-x86_64 4.0.2 25.63 46.57 72.20 OK
r-release-macos-arm64 4.0.2 39.00 NOTE
r-release-macos-x86_64 4.0.2 54.00 NOTE
r-release-windows-x86_64 4.0.2 43.00 113.00 156.00 OK
r-oldrel-macos-arm64 4.0.2 44.00 NOTE
r-oldrel-macos-x86_64 4.0.2 58.00 NOTE
r-oldrel-windows-ix86+x86_64 4.0.2 76.00 132.00 208.00 OK

Check Details

Version: 4.0.2
Check: installed package size
Result: NOTE
     installed size is 5.2Mb
     sub-directories of 1Mb or more:
     libs 5.1Mb
Flavors: r-release-macos-arm64, r-release-macos-x86_64, r-oldrel-macos-arm64, r-oldrel-macos-x86_64