CRAN Package Check Results for Package HypergeoMat

Last updated on 2022-10-02 07:54:27 CEST.

Flavor Version Tinstall Tcheck Ttotal Status Flags
r-devel-linux-x86_64-debian-clang 4.0.1 30.34 48.68 79.02 OK
r-devel-linux-x86_64-debian-gcc 4.0.1 23.15 38.24 61.39 OK
r-devel-linux-x86_64-fedora-clang 4.0.1 117.57 OK
r-devel-linux-x86_64-fedora-gcc 4.0.1 110.04 OK
r-devel-windows-x86_64 4.0.1 51.00 107.00 158.00 OK
r-patched-linux-x86_64 4.0.1 22.21 46.80 69.01 OK
r-release-linux-x86_64 4.0.1 22.55 47.32 69.87 OK
r-release-macos-arm64 4.0.1 38.00 NOTE
r-release-macos-x86_64 4.0.1 50.00 NOTE
r-release-windows-x86_64 4.0.1 41.00 117.00 158.00 OK
r-oldrel-macos-arm64 4.0.1 31.00 NOTE
r-oldrel-macos-x86_64 4.0.1 50.00 NOTE
r-oldrel-windows-ix86+x86_64 4.0.1 73.00 128.00 201.00 OK

Check Details

Version: 4.0.1
Check: installed package size
Result: NOTE
     installed size is 5.2Mb
     sub-directories of 1Mb or more:
     libs 5.1Mb
Flavors: r-release-macos-arm64, r-release-macos-x86_64, r-oldrel-macos-arm64, r-oldrel-macos-x86_64