CRAN Package Check Results for Package IAbin

Last updated on 2021-10-25 18:50:33 CEST.

Flavor Version Tinstall Tcheck Ttotal Status Flags
r-devel-linux-x86_64-debian-clang 1.0 2.03 24.71 26.74 NOTE
r-devel-linux-x86_64-debian-gcc 1.0 1.74 19.97 21.71 NOTE
r-devel-linux-x86_64-fedora-clang 1.0 44.13 OK
r-devel-linux-x86_64-fedora-gcc 1.0 34.55 OK
r-devel-windows-x86_64 1.0 4.00 43.00 47.00 NOTE
r-devel-windows-x86_64-gcc10-UCRT 1.0 OK
r-patched-linux-x86_64 1.0 2.22 22.57 24.79 NOTE
r-patched-solaris-x86 1.0 51.20 OK
r-release-linux-x86_64 1.0 2.03 22.46 24.49 NOTE
r-release-macos-arm64 1.0 OK
r-release-macos-x86_64 1.0 OK
r-release-windows-ix86+x86_64 1.0 3.00 41.00 44.00 NOTE
r-oldrel-macos-x86_64 1.0 OK
r-oldrel-windows-ix86+x86_64 1.0 6.00 39.00 45.00 NOTE

Check Details

Version: 1.0
Check: package vignettes
Result: NOTE
    Package vignette with placeholder title 'Vignette Title':
     'vignette-IAbin.Rmd'
Flavors: r-devel-linux-x86_64-debian-clang, r-devel-linux-x86_64-debian-gcc, r-devel-windows-x86_64, r-patched-linux-x86_64, r-release-linux-x86_64, r-release-windows-ix86+x86_64, r-oldrel-windows-ix86+x86_64