CRAN Package Check Results for Package IAbin

Last updated on 2020-06-01 21:50:36 CEST.

Flavor Version Tinstall Tcheck Ttotal Status Flags
r-devel-linux-x86_64-debian-clang 1.0 2.26 23.38 25.64 NOTE
r-devel-linux-x86_64-debian-gcc 1.0 1.56 18.80 20.36 NOTE
r-devel-linux-x86_64-fedora-clang 1.0 39.26 OK
r-devel-linux-x86_64-fedora-gcc 1.0 32.31 OK
r-devel-windows-ix86+x86_64 1.0 7.00 47.00 54.00 NOTE
r-patched-linux-x86_64 1.0 1.94 23.80 25.74 NOTE
r-patched-solaris-x86 1.0 49.70 OK
r-release-linux-x86_64 1.0 1.84 23.85 25.69 NOTE
r-release-osx-x86_64 1.0 OK
r-release-windows-ix86+x86_64 1.0 6.00 40.00 46.00 NOTE
r-oldrel-osx-x86_64 1.0 OK
r-oldrel-windows-ix86+x86_64 1.0 6.00 35.00 41.00 OK

Check Details

Version: 1.0
Check: package vignettes
Result: NOTE
    Package vignette with placeholder title 'Vignette Title':
     'vignette-IAbin.Rmd'
Flavors: r-devel-linux-x86_64-debian-clang, r-devel-linux-x86_64-debian-gcc, r-devel-windows-ix86+x86_64, r-patched-linux-x86_64, r-release-linux-x86_64, r-release-windows-ix86+x86_64