Last updated on 2023-06-03 05:52:32 CEST.
Flavor | Version | Tinstall | Tcheck | Ttotal | Status | Flags |
---|---|---|---|---|---|---|
r-devel-linux-x86_64-debian-clang | 2.3.10 | 55.22 | 996.75 | 1051.97 | OK | |
r-devel-linux-x86_64-debian-gcc | 2.3.10 | 48.62 | 653.76 | 702.38 | OK | |
r-devel-linux-x86_64-fedora-clang | 2.3.10 | 1173.51 | OK | |||
r-devel-linux-x86_64-fedora-gcc | 2.3.10 | 1131.00 | OK | |||
r-devel-windows-x86_64 | 2.3.10 | 52.00 | 566.00 | 618.00 | OK | |
r-patched-linux-x86_64 | 2.3.10 | OK | ||||
r-release-linux-x86_64 | 2.3.10 | 39.02 | 814.75 | 853.77 | OK | |
r-release-macos-arm64 | 2.3.10 | 188.00 | NOTE | |||
r-release-macos-x86_64 | 2.3.10 | 314.00 | NOTE | |||
r-release-windows-x86_64 | 2.3.10 | 68.00 | 746.00 | 814.00 | OK | |
r-oldrel-macos-arm64 | 2.3.10 | 164.00 | NOTE | |||
r-oldrel-macos-x86_64 | 2.3.10 | 277.00 | NOTE | |||
r-oldrel-windows-x86_64 | 2.3.10 | 68.00 | 689.00 | 757.00 | OK |
Version: 2.3.10
Check: package dependencies
Result: NOTE
Packages suggested but not available for checking:
'BSgenome.Hsapiens.1000genomes.hs37d5',
'BSgenome.Hsapiens.UCSC.hg38', 'BSgenome.Mmusculus.UCSC.mm10'
Flavors: r-release-macos-arm64, r-release-macos-x86_64, r-oldrel-macos-arm64, r-oldrel-macos-x86_64