CRAN Package Check Results for Package ICCbin

Last updated on 2021-12-02 18:50:55 CET.

Flavor Version Tinstall Tcheck Ttotal Status Flags
r-devel-linux-x86_64-debian-clang 1.1.1 3.67 33.88 37.55 NOTE
r-devel-linux-x86_64-debian-gcc 1.1.1 2.62 25.23 27.85 NOTE
r-devel-linux-x86_64-fedora-clang 1.1.1 55.59 NOTE
r-devel-linux-x86_64-fedora-gcc 1.1.1 46.09 NOTE
r-devel-windows-x86_64-new-UL 1.1.1 8.00 64.00 72.00 NOTE
r-devel-windows-x86_64-new-TK 1.1.1 NOTE
r-devel-windows-x86_64-old 1.1.1 6.00 38.00 44.00 NOTE
r-patched-linux-x86_64 1.1.1 3.32 31.37 34.69 NOTE
r-patched-solaris-x86 1.1.1 66.80 NOTE
r-release-linux-x86_64 1.1.1 2.92 32.03 34.95 NOTE
r-release-macos-arm64 1.1.1 NOTE
r-release-macos-x86_64 1.1.1 NOTE
r-release-windows-ix86+x86_64 1.1.1 7.00 50.00 57.00 NOTE
r-oldrel-macos-x86_64 1.1.1 OK
r-oldrel-windows-ix86+x86_64 1.1.1 7.00 51.00 58.00 OK

Check Details

Version: 1.1.1
Check: LazyData
Result: NOTE
     'LazyData' is specified without a 'data' directory
Flavors: r-devel-linux-x86_64-debian-clang, r-devel-linux-x86_64-debian-gcc, r-devel-linux-x86_64-fedora-clang, r-devel-linux-x86_64-fedora-gcc, r-devel-windows-x86_64-new-UL, r-devel-windows-x86_64-new-TK, r-devel-windows-x86_64-old, r-patched-linux-x86_64, r-patched-solaris-x86, r-release-linux-x86_64, r-release-macos-arm64, r-release-macos-x86_64, r-release-windows-ix86+x86_64