CRAN Package Check Results for Package ICD10gm

Last updated on 2022-05-19 02:49:13 CEST.

Flavor Version Tinstall Tcheck Ttotal Status Flags
r-devel-linux-x86_64-debian-clang 1.2.4 42.86 208.50 251.36 OK
r-devel-linux-x86_64-debian-gcc 1.2.4 41.83 154.37 196.20 OK
r-devel-linux-x86_64-fedora-clang 1.2.4 316.32 NOTE
r-devel-linux-x86_64-fedora-gcc 1.2.4 311.55 NOTE
r-devel-windows-x86_64 1.2.4 51.00 223.00 274.00 OK
r-patched-linux-x86_64 1.2.4 39.55 204.06 243.61 OK
r-release-linux-x86_64 1.2.4 43.28 199.19 242.47 OK
r-release-macos-arm64 1.2.4 104.00 NOTE
r-release-macos-x86_64 1.2.4 170.00 NOTE
r-release-windows-x86_64 1.2.4 54.00 225.00 279.00 OK
r-oldrel-macos-arm64 1.2.4 92.00 NOTE
r-oldrel-macos-x86_64 1.2.4 116.00 NOTE
r-oldrel-windows-ix86+x86_64 1.2.4 66.00 239.00 305.00 OK

Check Details

Version: 1.2.4
Check: data for non-ASCII characters
Result: NOTE
     Note: found 329984 marked UTF-8 strings
Flavors: r-devel-linux-x86_64-fedora-clang, r-devel-linux-x86_64-fedora-gcc, r-release-macos-arm64, r-release-macos-x86_64, r-oldrel-macos-arm64, r-oldrel-macos-x86_64