CRAN Package Check Results for Package ICDS

Last updated on 2024-04-21 21:51:21 CEST.

Flavor Version Tinstall Tcheck Ttotal Status Flags
r-devel-linux-x86_64-debian-clang 0.1.2 0.63 2.21 2.84 ERROR
r-devel-linux-x86_64-debian-gcc 0.1.2 23.29 230.80 254.09 OK
r-devel-linux-x86_64-fedora-clang 0.1.2 448.24 OK
r-devel-linux-x86_64-fedora-gcc 0.1.2 424.44 OK
r-prerel-macos-arm64 0.1.2 119.00 OK
r-prerel-macos-x86_64 0.1.2 247.00 OK
r-prerel-windows-x86_64 0.1.2 27.00 213.00 240.00 OK
r-patched-linux-x86_64 0.1.2 19.24 286.98 306.22 OK
r-release-linux-x86_64 0.1.2 22.94 303.43 326.37 OK
r-release-macos-arm64 0.1.2 123.00 OK
r-release-macos-x86_64 0.1.2 221.00 OK
r-release-windows-x86_64 0.1.2 36.00 279.00 315.00 OK
r-oldrel-macos-arm64 0.1.2 117.00 OK
r-oldrel-windows-x86_64 0.1.2 3.00 10.00 13.00 ERROR

Check Details

Version: 0.1.2
Check: package dependencies
Result: ERROR Packages required but not available: 'graphite', 'org.Hs.eg.db' See section ‘The DESCRIPTION file’ in the ‘Writing R Extensions’ manual. Flavor: r-devel-linux-x86_64-debian-clang

Version: 0.1.2
Check: whether package can be installed
Result: ERROR Installation failed. Flavor: r-oldrel-windows-x86_64