CRAN Package Check Results for Package ICEinfer

Last updated on 2022-08-16 00:54:21 CEST.

Flavor Version Tinstall Tcheck Ttotal Status Flags
r-devel-linux-x86_64-debian-clang 1.3 4.13 65.18 69.31 NOTE
r-devel-linux-x86_64-debian-gcc 1.3 2.92 48.96 51.88 NOTE
r-devel-linux-x86_64-fedora-clang 1.3 92.22 NOTE
r-devel-linux-x86_64-fedora-gcc 1.3 91.54 NOTE
r-devel-windows-x86_64 1.3 32.00 89.00 121.00 NOTE
r-patched-linux-x86_64 1.3 4.42 61.76 66.18 OK
r-release-linux-x86_64 1.3 3.91 60.52 64.43 OK
r-release-macos-arm64 1.3 27.00 OK
r-release-macos-x86_64 1.3 37.00 OK
r-release-windows-x86_64 1.3 17.00 88.00 105.00 OK
r-oldrel-macos-arm64 1.3 35.00 OK
r-oldrel-macos-x86_64 1.3 52.00 OK
r-oldrel-windows-ix86+x86_64 1.3 7.00 93.00 100.00 OK

Check Details

Version: 1.3
Check: Rd files
Result: NOTE
    checkRd: (-1) ICEscale.Rd:53: Escaped LaTeX specials: \^
    checkRd: (-1) dpwdg.Rd:14: Escaped LaTeX specials: \$
    checkRd: (-1) dpwdg.Rd:15: Escaped LaTeX specials: \$
Flavors: r-devel-linux-x86_64-debian-clang, r-devel-linux-x86_64-debian-gcc, r-devel-linux-x86_64-fedora-clang, r-devel-linux-x86_64-fedora-gcc, r-devel-windows-x86_64