CRAN Package Check Results for Package ICEinfer

Last updated on 2024-03-03 10:52:46 CET.

Flavor Version Tinstall Tcheck Ttotal Status Flags
r-devel-linux-x86_64-debian-clang 1.3 3.63 64.38 68.01 NOTE
r-devel-linux-x86_64-debian-gcc 1.3 2.96 48.07 51.03 NOTE
r-devel-linux-x86_64-fedora-clang 1.3 81.85 NOTE
r-devel-linux-x86_64-fedora-gcc 1.3 81.25 NOTE
r-devel-windows-x86_64 1.3 5.00 72.00 77.00 NOTE
r-patched-linux-x86_64 1.3 4.11 62.68 66.79 NOTE
r-release-linux-x86_64 1.3 2.68 60.86 63.54 NOTE
r-release-macos-arm64 1.3 29.00 NOTE
r-release-macos-x86_64 1.3 45.00 NOTE
r-release-windows-x86_64 1.3 5.00 84.00 89.00 NOTE
r-oldrel-macos-arm64 1.3 31.00 OK
r-oldrel-windows-x86_64 1.3 7.00 82.00 89.00 OK

Check Details

Version: 1.3
Check: Rd files
Result: NOTE checkRd: (-1) ICEscale.Rd:53: Escaped LaTeX specials: \^ checkRd: (-1) dpwdg.Rd:14: Escaped LaTeX specials: \$ checkRd: (-1) dpwdg.Rd:15: Escaped LaTeX specials: \$ Flavors: r-devel-linux-x86_64-debian-clang, r-devel-linux-x86_64-debian-gcc, r-devel-linux-x86_64-fedora-clang, r-devel-linux-x86_64-fedora-gcc, r-devel-windows-x86_64, r-patched-linux-x86_64, r-release-linux-x86_64, r-release-macos-arm64, r-release-macos-x86_64, r-release-windows-x86_64