CRAN Package Check Results for Package ICSNP

Last updated on 2022-09-29 19:48:56 CEST.

Flavor Version Tinstall Tcheck Ttotal Status Flags
r-devel-linux-x86_64-debian-clang 1.1-1 14.81 93.49 108.30 NOTE
r-devel-linux-x86_64-debian-gcc 1.1-1 10.07 69.86 79.93 NOTE
r-devel-linux-x86_64-fedora-clang 1.1-1 140.56 NOTE
r-devel-linux-x86_64-fedora-gcc 1.1-1 140.05 NOTE
r-devel-windows-x86_64 1.1-1 28.00 130.00 158.00 NOTE
r-patched-linux-x86_64 1.1-1 13.51 88.14 101.65 OK
r-release-linux-x86_64 1.1-1 12.40 87.50 99.90 OK
r-release-macos-arm64 1.1-1 37.00 OK
r-release-macos-x86_64 1.1-1 53.00 OK
r-release-windows-x86_64 1.1-1 21.00 124.00 145.00 OK
r-oldrel-macos-arm64 1.1-1 43.00 OK
r-oldrel-macos-x86_64 1.1-1 56.00 OK
r-oldrel-windows-ix86+x86_64 1.1-1 29.00 141.00 170.00 OK

Check Details

Version: 1.1-1
Check: Rd files
Result: NOTE
    checkRd: (-1) pulmonary.Rd:13: Escaped LaTeX specials: \_
Flavors: r-devel-linux-x86_64-debian-clang, r-devel-linux-x86_64-debian-gcc, r-devel-linux-x86_64-fedora-clang, r-devel-linux-x86_64-fedora-gcc, r-devel-windows-x86_64