Last updated on 2025-04-30 17:54:00 CEST.
Flavor | Version | Tinstall | Tcheck | Ttotal | Status | Flags |
---|---|---|---|---|---|---|
r-devel-linux-x86_64-debian-clang | 0.4-0 | 9.65 | 127.65 | 137.30 | NOTE | |
r-devel-linux-x86_64-debian-gcc | 0.4-0 | 7.15 | 93.41 | 100.56 | NOTE | |
r-devel-linux-x86_64-fedora-clang | 0.4-0 | 202.13 | OK | |||
r-devel-linux-x86_64-fedora-gcc | 0.4-0 | 205.66 | OK | |||
r-devel-windows-x86_64 | 0.4-0 | 10.00 | 173.00 | 183.00 | NOTE | |
r-patched-linux-x86_64 | 0.4-0 | 8.88 | 128.84 | 137.72 | NOTE | |
r-release-linux-x86_64 | 0.4-0 | 8.94 | 124.48 | 133.42 | NOTE | |
r-release-macos-arm64 | 0.4-0 | 86.00 | OK | |||
r-release-macos-x86_64 | 0.4-0 | 183.00 | OK | |||
r-release-windows-x86_64 | 0.4-0 | 10.00 | 177.00 | 187.00 | NOTE | |
r-oldrel-macos-arm64 | 0.4-0 | 80.00 | OK | |||
r-oldrel-macos-x86_64 | 0.4-0 | 132.00 | OK | |||
r-oldrel-windows-x86_64 | 0.4-0 | 12.00 | 226.00 | 238.00 | OK |
Version: 0.4-0
Check: Rd cross-references
Result: NOTE
Found the following Rd file(s) with Rd \link{} targets missing package
anchors:
ics.distances.Rd: ics2
icsOut-class.Rd: plot.ics
Please provide package anchors for all Rd \link{} targets not in the
package itself and the base packages.
Flavors: r-devel-linux-x86_64-debian-clang, r-devel-linux-x86_64-debian-gcc, r-devel-windows-x86_64, r-patched-linux-x86_64, r-release-linux-x86_64, r-release-windows-x86_64
Version: 0.4-0
Check: examples
Result: NOTE
Examples with CPU (user + system) or elapsed time > 5s
user system elapsed
comp.simu.test 8.381 0.046 11.011
dist.simu.test 7.635 0.138 9.121
comp_simu_test 6.270 0.020 6.827
dist_simu_test 4.985 0.070 7.179
ICS_outlier 4.830 0.048 6.741
ics.outlier 4.235 0.138 5.555
HTP 3.865 0.071 5.925
Flavor: r-devel-linux-x86_64-debian-clang
Version: 0.4-0
Check: examples
Result: NOTE
Examples with CPU (user + system) or elapsed time > 5s
user system elapsed
dist.simu.test 5.255 0.020 6.259
comp.simu.test 5.112 0.039 6.080
comp_simu_test 4.245 0.046 5.333
Flavor: r-devel-linux-x86_64-debian-gcc