CRAN Package Check Results for Package IDE

Last updated on 2021-12-05 08:51:00 CET.

Flavor Version Tinstall Tcheck Ttotal Status Flags
r-devel-linux-x86_64-debian-clang 0.3.0 17.73 179.19 196.92 NOTE
r-devel-linux-x86_64-debian-gcc 0.3.0 14.92 134.06 148.98 NOTE
r-devel-linux-x86_64-fedora-clang 0.3.0 248.63 NOTE
r-devel-linux-x86_64-fedora-gcc 0.3.0 237.83 NOTE
r-devel-windows-x86_64-new-UL 0.3.0 16.00 229.00 245.00 NOTE
r-devel-windows-x86_64-new-TK 0.3.0 NOTE
r-devel-windows-x86_64-old 0.3.0 20.00 177.00 197.00 NOTE
r-patched-linux-x86_64 0.3.0 16.72 157.71 174.43 NOTE
r-release-linux-x86_64 0.3.0 16.87 167.92 184.79 NOTE
r-release-macos-arm64 0.3.0 NOTE
r-release-macos-x86_64 0.3.0 NOTE
r-release-windows-ix86+x86_64 0.3.0 45.00 206.00 251.00 NOTE
r-oldrel-macos-x86_64 0.3.0 OK
r-oldrel-windows-ix86+x86_64 0.3.0 38.00 209.00 247.00 OK

Check Details

Version: 0.3.0
Check: LazyData
Result: NOTE
     'LazyData' is specified without a 'data' directory
Flavors: r-devel-linux-x86_64-debian-clang, r-devel-linux-x86_64-debian-gcc, r-devel-linux-x86_64-fedora-clang, r-devel-linux-x86_64-fedora-gcc, r-devel-windows-x86_64-new-UL, r-devel-windows-x86_64-new-TK, r-devel-windows-x86_64-old, r-patched-linux-x86_64, r-release-linux-x86_64, r-release-macos-arm64, r-release-macos-x86_64, r-release-windows-ix86+x86_64