CRAN Package Check Results for Package IDPmisc

Last updated on 2022-01-27 06:48:37 CET.

Flavor Version Tinstall Tcheck Ttotal Status Flags
r-devel-linux-x86_64-debian-clang 1.1.20 6.50 66.23 72.73 OK
r-devel-linux-x86_64-debian-gcc 1.1.20 6.47 49.02 55.49 OK
r-devel-linux-x86_64-fedora-clang 1.1.20 89.50 NOTE
r-devel-linux-x86_64-fedora-gcc 1.1.20 81.01 OK
r-devel-windows-x86_64-new-UL 1.1.20 49.00 89.00 138.00 OK
r-devel-windows-x86_64-new-TK 1.1.20 OK
r-patched-linux-x86_64 1.1.20 9.45 64.65 74.10 OK
r-release-linux-x86_64 1.1.20 6.85 63.03 69.88 OK
r-release-macos-arm64 1.1.20 OK
r-release-macos-x86_64 1.1.20 OK
r-release-windows-ix86+x86_64 1.1.20 17.00 96.00 113.00 OK
r-oldrel-macos-x86_64 1.1.20 OK
r-oldrel-windows-ix86+x86_64 1.1.20 16.00 97.00 113.00 OK

Check Details

Version: 1.1.20
Check: Rd cross-references
Result: NOTE
    Undeclared packages ‘sfsmisc’, ‘RColorBrewer’, ‘hexbin’ in Rd xrefs
Flavor: r-devel-linux-x86_64-fedora-clang