CRAN Package Check Results for Package IDPmisc

Last updated on 2020-09-29 09:48:58 CEST.

Flavor Version Tinstall Tcheck Ttotal Status Flags
r-devel-linux-x86_64-debian-clang 1.1.20 8.37 56.36 64.73 OK
r-devel-linux-x86_64-debian-gcc 1.1.20 5.98 41.21 47.19 OK
r-devel-linux-x86_64-fedora-clang 1.1.20 84.80 NOTE
r-devel-linux-x86_64-fedora-gcc 1.1.20 79.53 OK
r-devel-windows-ix86+x86_64 1.1.20 17.00 97.00 114.00 OK
r-patched-linux-x86_64 1.1.20 7.92 52.53 60.45 OK
r-patched-solaris-x86 1.1.20 91.80 OK
r-release-linux-x86_64 1.1.20 7.19 54.32 61.51 OK
r-release-macos-x86_64 1.1.20 OK
r-release-windows-ix86+x86_64 1.1.20 16.00 87.00 103.00 OK
r-oldrel-macos-x86_64 1.1.20 OK
r-oldrel-windows-ix86+x86_64 1.1.20 26.00 88.00 114.00 OK

Check Details

Version: 1.1.20
Check: Rd cross-references
Result: NOTE
    Undeclared packages ‘sfsmisc’, ‘RColorBrewer’, ‘hexbin’ in Rd xrefs
Flavor: r-devel-linux-x86_64-fedora-clang