CRAN Package Check Results for Package IDSL.UFA

Last updated on 2022-05-16 19:50:06 CEST.

Flavor Version Tinstall Tcheck Ttotal Status Flags
r-devel-linux-x86_64-debian-clang 1.1 11.26 95.66 106.92 OK
r-devel-linux-x86_64-debian-gcc 1.1 8.61 70.30 78.91 OK
r-devel-linux-x86_64-fedora-clang 1.1 129.56 NOTE
r-devel-linux-x86_64-fedora-gcc 1.1 123.49 NOTE
r-devel-windows-x86_64 1.1 32.00 107.00 139.00 OK
r-patched-linux-x86_64 1.1 7.66 88.57 96.23 OK
r-release-linux-x86_64 1.1 9.79 88.85 98.64 OK
r-release-macos-arm64 1.1 28.00 NOTE
r-release-macos-x86_64 1.1 65.00 NOTE
r-release-windows-x86_64 1.1 43.00 110.00 153.00 OK
r-oldrel-macos-arm64 1.1 32.00 NOTE
r-oldrel-macos-x86_64 1.1 48.00 NOTE
r-oldrel-windows-ix86+x86_64 1.1 26.00 103.00 129.00 OK

Check Details

Version: 1.1
Check: dependencies in R code
Result: NOTE
    Namespace in Imports field not imported from: ‘grid’
     All declared Imports should be used.
Flavors: r-devel-linux-x86_64-fedora-clang, r-devel-linux-x86_64-fedora-gcc, r-release-macos-arm64, r-release-macos-x86_64, r-oldrel-macos-arm64, r-oldrel-macos-x86_64