Last updated on 2022-08-09 09:52:54 CEST.
Flavor | Version | Tinstall | Tcheck | Ttotal | Status | Flags |
---|---|---|---|---|---|---|
r-devel-linux-x86_64-debian-clang | 0.1.0 | 4.67 | 86.28 | 90.95 | NOTE | |
r-devel-linux-x86_64-debian-gcc | 0.1.0 | 3.28 | 59.85 | 63.13 | NOTE | |
r-devel-linux-x86_64-fedora-clang | 0.1.0 | 122.30 | NOTE | |||
r-devel-linux-x86_64-fedora-gcc | 0.1.0 | 119.62 | NOTE | |||
r-devel-windows-x86_64 | 0.1.0 | 20.00 | 115.00 | 135.00 | NOTE | |
r-patched-linux-x86_64 | 0.1.0 | 5.05 | 84.62 | 89.67 | NOTE | |
r-release-linux-x86_64 | 0.1.0 | NOTE | ||||
r-release-macos-arm64 | 0.1.0 | 39.00 | NOTE | |||
r-release-macos-x86_64 | 0.1.0 | 59.00 | NOTE | |||
r-release-windows-x86_64 | 0.1.0 | 25.00 | 115.00 | 140.00 | NOTE | |
r-oldrel-macos-arm64 | 0.1.0 | 48.00 | NOTE | |||
r-oldrel-macos-x86_64 | 0.1.0 | 87.00 | NOTE | |||
r-oldrel-windows-ix86+x86_64 | 0.1.0 | 7.00 | 112.00 | 119.00 | NOTE |
Version: 0.1.0
Check: LazyData
Result: NOTE
'LazyData' is specified without a 'data' directory
Flavors: r-devel-linux-x86_64-debian-clang, r-devel-linux-x86_64-debian-gcc, r-devel-linux-x86_64-fedora-clang, r-devel-linux-x86_64-fedora-gcc, r-devel-windows-x86_64, r-patched-linux-x86_64, r-release-linux-x86_64, r-release-macos-arm64, r-release-macos-x86_64, r-release-windows-x86_64, r-oldrel-macos-arm64, r-oldrel-macos-x86_64, r-oldrel-windows-ix86+x86_64