CRAN Package Check Results for Package IDetect

Last updated on 2022-12-08 00:52:22 CET.

Flavor Version Tinstall Tcheck Ttotal Status Flags
r-devel-linux-x86_64-debian-clang 0.1.0 5.09 86.52 91.61 NOTE
r-devel-linux-x86_64-debian-gcc 0.1.0 3.40 62.45 65.85 NOTE
r-devel-linux-x86_64-fedora-clang 0.1.0 123.07 NOTE
r-devel-linux-x86_64-fedora-gcc 0.1.0 121.42 NOTE
r-devel-windows-x86_64 0.1.0 13.00 128.00 141.00 NOTE
r-patched-linux-x86_64 0.1.0 5.23 85.04 90.27 NOTE
r-release-linux-x86_64 0.1.0 4.55 84.10 88.65 NOTE
r-release-macos-arm64 0.1.0 39.00 NOTE
r-release-macos-x86_64 0.1.0 59.00 NOTE
r-release-windows-x86_64 0.1.0 21.00 120.00 141.00 NOTE
r-oldrel-macos-arm64 0.1.0 48.00 NOTE
r-oldrel-macos-x86_64 0.1.0 87.00 NOTE
r-oldrel-windows-ix86+x86_64 0.1.0 8.00 114.00 122.00 NOTE

Check Details

Version: 0.1.0
Check: LazyData
Result: NOTE
     'LazyData' is specified without a 'data' directory
Flavors: r-devel-linux-x86_64-debian-clang, r-devel-linux-x86_64-debian-gcc, r-devel-linux-x86_64-fedora-clang, r-devel-linux-x86_64-fedora-gcc, r-devel-windows-x86_64, r-patched-linux-x86_64, r-release-linux-x86_64, r-release-macos-arm64, r-release-macos-x86_64, r-release-windows-x86_64, r-oldrel-macos-arm64, r-oldrel-macos-x86_64, r-oldrel-windows-ix86+x86_64