Last updated on 2023-12-03 22:57:09 CET.
Flavor | Version | Tinstall | Tcheck | Ttotal | Status | Flags |
---|---|---|---|---|---|---|
r-devel-linux-x86_64-debian-clang | 0.1.0 | 4.91 | 86.79 | 91.70 | NOTE | |
r-devel-linux-x86_64-debian-gcc | 0.1.0 | 3.32 | 62.47 | 65.79 | NOTE | |
r-devel-linux-x86_64-fedora-clang | 0.1.0 | 112.28 | NOTE | |||
r-devel-linux-x86_64-fedora-gcc | 0.1.0 | 111.49 | NOTE | |||
r-devel-windows-x86_64 | 0.1.0 | 4.00 | 127.00 | 131.00 | NOTE | |
r-patched-linux-x86_64 | 0.1.0 | 5.41 | 87.99 | 93.40 | NOTE | |
r-release-linux-x86_64 | 0.1.0 | 4.63 | 86.42 | 91.05 | NOTE | |
r-release-macos-arm64 | 0.1.0 | 38.00 | NOTE | |||
r-release-macos-x86_64 | 0.1.0 | 59.00 | NOTE | |||
r-release-windows-x86_64 | 0.1.0 | 6.00 | 107.00 | 113.00 | NOTE | |
r-oldrel-macos-arm64 | 0.1.0 | 39.00 | NOTE | |||
r-oldrel-macos-x86_64 | 0.1.0 | 59.00 | NOTE | |||
r-oldrel-windows-x86_64 | 0.1.0 | 7.00 | 104.00 | 111.00 | NOTE |
Version: 0.1.0
Check: LazyData
Result: NOTE
'LazyData' is specified without a 'data' directory
Flavors: r-devel-linux-x86_64-debian-clang, r-devel-linux-x86_64-debian-gcc, r-devel-linux-x86_64-fedora-clang, r-devel-linux-x86_64-fedora-gcc, r-devel-windows-x86_64, r-patched-linux-x86_64, r-release-linux-x86_64, r-release-macos-arm64, r-release-macos-x86_64, r-release-windows-x86_64, r-oldrel-macos-arm64, r-oldrel-macos-x86_64, r-oldrel-windows-x86_64