CRAN Package Check Results for Package IFP

Last updated on 2021-12-02 19:53:13 CET.

Flavor Version Tinstall Tcheck Ttotal Status Flags
r-devel-linux-x86_64-debian-clang 0.2.4 34.56 188.52 223.08 OK
r-devel-linux-x86_64-debian-gcc 0.2.4 25.09 136.07 161.16 OK
r-devel-linux-x86_64-fedora-clang 0.2.4 284.18 NOTE
r-devel-linux-x86_64-fedora-gcc 0.2.4 282.43 NOTE
r-devel-windows-x86_64-new-UL 0.2.4 56.00 237.00 293.00 OK
r-devel-windows-x86_64-new-TK 0.2.4 OK
r-devel-windows-x86_64-old 0.2.4 58.00 170.00 228.00 OK
r-patched-linux-x86_64 0.2.4 31.38 174.14 205.52 OK
r-patched-solaris-x86 0.2.4 308.40 OK
r-release-linux-x86_64 0.2.4 29.62 173.69 203.31 OK
r-release-macos-arm64 0.2.4 OK
r-release-macos-x86_64 0.2.4 OK
r-release-windows-ix86+x86_64 0.2.4 73.00 288.00 361.00 OK
r-oldrel-macos-x86_64 0.2.4 OK
r-oldrel-windows-ix86+x86_64 0.2.4 73.00 295.00 368.00 OK

Check Details

Version: 0.2.4
Check: compiled code
Result: NOTE
    File ‘IFP/libs/IFP.so’:
     Found no calls to: ‘R_registerRoutines’, ‘R_useDynamicSymbols’
    
    It is good practice to register native routines and to disable symbol
    search.
    
    See ‘Writing portable packages’ in the ‘Writing R Extensions’ manual.
Flavors: r-devel-linux-x86_64-fedora-clang, r-devel-linux-x86_64-fedora-gcc