CRAN Package Check Results for Package IMD

Last updated on 2021-10-26 22:58:04 CEST.

Flavor Version Tinstall Tcheck Ttotal Status Flags
r-devel-linux-x86_64-debian-clang 1.0.2 4.74 31.90 36.64 OK
r-devel-linux-x86_64-debian-gcc 1.0.2 4.31 25.78 30.09 OK
r-devel-linux-x86_64-fedora-clang 1.0.2 55.46 NOTE
r-devel-linux-x86_64-fedora-gcc 1.0.2 47.10 NOTE
r-devel-windows-x86_64 1.0.2 9.00 65.00 74.00 OK
r-devel-windows-x86_64-gcc10-UCRT 1.0.2 NOTE
r-patched-linux-x86_64 1.0.2 4.85 31.84 36.69 OK
r-patched-solaris-x86 1.0.2 70.10 NOTE
r-release-linux-x86_64 1.0.2 4.96 30.77 35.73 OK
r-release-macos-arm64 1.0.2 NOTE
r-release-macos-x86_64 1.0.2 NOTE
r-release-windows-ix86+x86_64 1.0.2 9.00 55.00 64.00 OK

Check Details

Version: 1.0.2
Check: dependencies in R code
Result: NOTE
    Namespaces in Imports field not imported from:
     ‘Hmisc’ ‘devtools’ ‘httr’ ‘readODS’ ‘readxl’ ‘tidyr’
     All declared Imports should be used.
Flavors: r-devel-linux-x86_64-fedora-clang, r-devel-linux-x86_64-fedora-gcc, r-devel-windows-x86_64-gcc10-UCRT, r-patched-solaris-x86, r-release-macos-arm64, r-release-macos-x86_64