CRAN Package Check Results for Package IMP

Last updated on 2021-04-23 00:48:50 CEST.

Flavor Version Tinstall Tcheck Ttotal Status Flags
r-devel-linux-x86_64-debian-clang 1.1 6.47 58.09 64.56 NOTE
r-devel-linux-x86_64-debian-gcc 1.1 4.99 43.89 48.88 NOTE
r-devel-linux-x86_64-fedora-clang 1.1 88.54 NOTE
r-devel-linux-x86_64-fedora-gcc 1.1 74.53 NOTE
r-devel-windows-ix86+x86_64 1.1 16.00 76.00 92.00 NOTE
r-devel-windows-x86_64-gcc10-UCRT 1.1 NOTE
r-patched-linux-x86_64 1.1 6.82 53.95 60.77 OK
r-patched-solaris-x86 1.1 114.90 OK
r-release-linux-x86_64 1.1 6.07 54.66 60.73 OK
r-release-macos-x86_64 1.1 OK
r-release-windows-ix86+x86_64 1.1 16.00 77.00 93.00 OK
r-oldrel-macos-x86_64 1.1 OK
r-oldrel-windows-ix86+x86_64 1.1 16.00 79.00 95.00 OK

Check Details

Version: 1.1
Check: LazyData
Result: NOTE
     'LazyData' is specified without a 'data' directory
Flavors: r-devel-linux-x86_64-debian-clang, r-devel-linux-x86_64-debian-gcc, r-devel-linux-x86_64-fedora-clang, r-devel-linux-x86_64-fedora-gcc, r-devel-windows-ix86+x86_64, r-devel-windows-x86_64-gcc10-UCRT