CRAN Package Check Results for Package IMmailgun

Last updated on 2024-07-12 13:49:33 CEST.

Flavor Version Tinstall Tcheck Ttotal Status Flags
r-devel-linux-x86_64-debian-clang 0.1.2 3.26 19.88 23.14 NOTE
r-devel-linux-x86_64-debian-gcc 0.1.2 2.28 15.78 18.06 NOTE
r-devel-linux-x86_64-fedora-clang 0.1.2 29.83 NOTE
r-devel-linux-x86_64-fedora-gcc 0.1.2 27.50 NOTE
r-devel-windows-x86_64 0.1.2 4.00 38.00 42.00 NOTE
r-patched-linux-x86_64 0.1.2 2.81 19.52 22.33 NOTE
r-release-linux-x86_64 0.1.2 1.83 19.17 21.00 NOTE
r-release-macos-arm64 0.1.2 15.00 NOTE
r-release-macos-x86_64 0.1.2 19.00 NOTE
r-release-windows-x86_64 0.1.2 4.00 38.00 42.00 NOTE
r-oldrel-macos-arm64 0.1.2 23.00 NOTE
r-oldrel-macos-x86_64 0.1.2 17.00 NOTE
r-oldrel-windows-x86_64 0.1.2 4.00 38.00 42.00 NOTE

Check Details

Version: 0.1.2
Check: LazyData
Result: NOTE 'LazyData' is specified without a 'data' directory Flavors: r-devel-linux-x86_64-debian-clang, r-devel-linux-x86_64-debian-gcc, r-devel-linux-x86_64-fedora-clang, r-devel-linux-x86_64-fedora-gcc, r-devel-windows-x86_64, r-patched-linux-x86_64, r-release-linux-x86_64, r-release-macos-arm64, r-release-macos-x86_64, r-release-windows-x86_64, r-oldrel-macos-arm64, r-oldrel-macos-x86_64, r-oldrel-windows-x86_64