CRAN Package Check Results for Package INDperform

Last updated on 2019-08-21 02:49:08 CEST.

Flavor Version Tinstall Tcheck Ttotal Status Flags
r-devel-linux-x86_64-debian-clang 0.2.1 12.10 208.94 221.04 OK
r-devel-linux-x86_64-debian-gcc 0.2.1 10.64 153.54 164.18 OK
r-devel-linux-x86_64-fedora-clang 0.2.1 252.16 NOTE
r-devel-linux-x86_64-fedora-gcc 0.2.1 251.27 NOTE
r-devel-windows-ix86+x86_64 0.2.1 28.00 285.00 313.00 OK
r-patched-linux-x86_64 0.2.1 12.75 205.22 217.97 OK
r-patched-solaris-x86 0.2.1 340.40 NOTE
r-release-linux-x86_64 0.2.1 12.80 204.20 217.00 OK
r-release-windows-ix86+x86_64 0.2.1 20.00 195.00 215.00 OK
r-release-osx-x86_64 0.2.1 NOTE
r-oldrel-windows-ix86+x86_64 0.2.1 26.00 277.00 303.00 OK
r-oldrel-osx-x86_64 0.2.1 NOTE

Check Details

Version: 0.2.1
Check: dependencies in R code
Result: NOTE
    Namespace in Imports field not imported from: ‘lazyeval’
     All declared Imports should be used.
Flavors: r-devel-linux-x86_64-fedora-clang, r-devel-linux-x86_64-fedora-gcc, r-patched-solaris-x86, r-release-osx-x86_64, r-oldrel-osx-x86_64

Version: 0.2.1
Check: installed package size
Result: NOTE
     installed size is 5.0Mb
     sub-directories of 1Mb or more:
     data 3.1Mb
     help 1.4Mb
Flavor: r-patched-solaris-x86