CRAN Package Check Results for Package INDperform

Last updated on 2019-02-21 06:47:51 CET.

Flavor Version Tinstall Tcheck Ttotal Status Flags
r-devel-linux-x86_64-debian-clang 0.2.0 13.67 218.62 232.29 OK
r-devel-linux-x86_64-debian-gcc 0.2.0 10.66 160.57 171.23 OK
r-devel-linux-x86_64-fedora-clang 0.2.0 266.78 NOTE
r-devel-linux-x86_64-fedora-gcc 0.2.0 256.12 NOTE
r-devel-windows-ix86+x86_64 0.2.0 25.00 279.00 304.00 OK
r-patched-linux-x86_64 0.2.0 OK
r-patched-solaris-x86 0.2.0 318.20 NOTE
r-release-linux-x86_64 0.2.0 OK
r-release-windows-ix86+x86_64 0.2.0 16.00 274.00 290.00 OK
r-release-osx-x86_64 0.2.0 NOTE
r-oldrel-windows-ix86+x86_64 0.1.1 21.00 278.00 299.00 OK
r-oldrel-osx-x86_64 0.2.0 ERROR

Check Details

Version: 0.2.0
Check: dependencies in R code
Result: NOTE
    Namespace in Imports field not imported from: ‘lazyeval’
     All declared Imports should be used.
Flavors: r-devel-linux-x86_64-fedora-clang, r-devel-linux-x86_64-fedora-gcc, r-patched-solaris-x86, r-release-osx-x86_64

Version: 0.2.0
Check: package dependencies
Result: ERROR
    Package required and available but unsuitable version: ‘grDevices’
    
    See section ‘The DESCRIPTION file’ in the ‘Writing R Extensions’
    manual.
Flavor: r-oldrel-osx-x86_64