CRAN Package Check Results for Package INLABMA

Last updated on 2024-02-25 09:53:27 CET.

Flavor Version Tinstall Tcheck Ttotal Status Flags
r-devel-linux-x86_64-debian-clang 0.1-12 7.02 74.93 81.95 NOTE
r-devel-linux-x86_64-debian-gcc 0.1-12 5.69 56.86 62.55 NOTE
r-devel-linux-x86_64-fedora-clang 0.1-12 102.41 OK
r-devel-linux-x86_64-fedora-gcc 0.1-12 115.13 OK
r-devel-windows-x86_64 0.1-12 7.00 73.00 80.00 OK
r-patched-linux-x86_64 0.1-12 6.58 72.80 79.38 NOTE
r-release-linux-x86_64 0.1-12 6.94 71.35 78.29 NOTE
r-release-macos-arm64 0.1-12 36.00 NOTE
r-release-macos-x86_64 0.1-12 101.00 NOTE
r-release-windows-x86_64 0.1-12 10.00 80.00 90.00 NOTE
r-oldrel-macos-arm64 0.1-12 38.00 NOTE
r-oldrel-windows-x86_64 0.1-12 11.00 90.00 101.00 NOTE

Check Details

Version: 0.1-12
Check: package dependencies
Result: NOTE Package suggested but not available for checking: ‘INLA’ Flavors: r-devel-linux-x86_64-debian-clang, r-devel-linux-x86_64-debian-gcc, r-patched-linux-x86_64, r-release-linux-x86_64, r-release-macos-arm64, r-release-macos-x86_64, r-release-windows-x86_64, r-oldrel-macos-arm64, r-oldrel-windows-x86_64