CRAN Package Check Results for Package INSPIRE

Last updated on 2022-05-19 19:49:30 CEST.

Flavor Version Tinstall Tcheck Ttotal Status Flags
r-devel-linux-x86_64-debian-clang 1.5 8.81 79.09 87.90 OK
r-devel-linux-x86_64-debian-gcc 1.5 6.86 57.49 64.35 OK
r-devel-linux-x86_64-fedora-clang 1.5 104.52 NOTE
r-devel-linux-x86_64-fedora-gcc 1.5 100.91 NOTE
r-devel-windows-x86_64 1.5 15.00 91.00 106.00 OK
r-patched-linux-x86_64 1.5 9.10 72.10 81.20 OK
r-release-linux-x86_64 1.5 8.62 72.77 81.39 OK
r-release-macos-arm64 1.5 31.00 OK
r-release-macos-x86_64 1.5 52.00 OK
r-release-windows-x86_64 1.5 16.00 94.00 110.00 OK
r-oldrel-macos-arm64 1.5 37.00 OK
r-oldrel-macos-x86_64 1.5 52.00 OK
r-oldrel-windows-ix86+x86_64 1.5 25.00 113.00 138.00 OK

Check Details

Version: 1.5
Check: compiled code
Result: NOTE
    File ‘INSPIRE/libs/INSPIRE.so’:
     Found no calls to: ‘R_registerRoutines’, ‘R_useDynamicSymbols’
    
    It is good practice to register native routines and to disable symbol
    search.
    
    See ‘Writing portable packages’ in the ‘Writing R Extensions’ manual.
Flavors: r-devel-linux-x86_64-fedora-clang, r-devel-linux-x86_64-fedora-gcc