CRAN Package Check Results for Package IOHanalyzer

Last updated on 2020-09-23 14:12:33 CEST.

Flavor Version Tinstall Tcheck Ttotal Status Flags
r-devel-linux-x86_64-debian-clang 0.1.4 73.13 104.60 177.73 OK
r-devel-linux-x86_64-debian-gcc 0.1.4 54.64 76.25 130.89 OK
r-devel-linux-x86_64-fedora-clang 0.1.4 231.30 NOTE
r-devel-linux-x86_64-fedora-gcc 0.1.4 216.59 NOTE
r-devel-windows-ix86+x86_64 0.1.4 131.00 202.00 333.00 NOTE
r-patched-linux-x86_64 0.1.4 58.61 94.26 152.87 OK
r-patched-solaris-x86 0.1.4 235.10 NOTE
r-release-linux-x86_64 0.1.4 62.00 93.81 155.81 OK
r-release-macos-x86_64 0.1.4 NOTE
r-release-windows-ix86+x86_64 0.1.4 130.00 218.00 348.00 NOTE
r-oldrel-macos-x86_64 0.1.4 NOTE
r-oldrel-windows-ix86+x86_64 0.1.4 87.00 143.00 230.00 OK

Check Details

Version: 0.1.4
Check: dependencies in R code
Result: NOTE
    Namespaces in Imports field not imported from:
     ‘DT’ ‘bsplus’ ‘colourpicker’ ‘kableExtra’ ‘markdown’ ‘reshape2’
     ‘shinyjs’
     All declared Imports should be used.
Flavors: r-devel-linux-x86_64-fedora-clang, r-devel-linux-x86_64-fedora-gcc, r-patched-solaris-x86, r-release-macos-x86_64, r-oldrel-macos-x86_64

Version: 0.1.4
Check: data for non-ASCII characters
Result: NOTE
     Note: found 75 marked UTF-8 strings
Flavors: r-devel-linux-x86_64-fedora-clang, r-devel-linux-x86_64-fedora-gcc, r-patched-solaris-x86, r-release-macos-x86_64, r-oldrel-macos-x86_64

Version: 0.1.4
Check: installed package size
Result: NOTE
     installed size is 5.2Mb
     sub-directories of 1Mb or more:
     data 1.4Mb
     libs 2.3Mb
Flavors: r-devel-windows-ix86+x86_64, r-release-windows-ix86+x86_64