CRAN Package Check Results for Package IOHanalyzer

Last updated on 2020-01-28 19:49:02 CET.

Flavor Version Tinstall Tcheck Ttotal Status Flags
r-devel-linux-x86_64-debian-clang 0.1.3 64.95 99.91 164.86 OK
r-devel-linux-x86_64-debian-gcc 0.1.3 47.51 82.35 129.86 OK
r-devel-linux-x86_64-fedora-clang 0.1.3 197.39 NOTE
r-devel-linux-x86_64-fedora-gcc 0.1.3 196.86 NOTE
r-devel-windows-ix86+x86_64 0.1.3 105.00 155.00 260.00 OK
r-devel-windows-ix86+x86_64-gcc8 0.1.3 147.00 241.00 388.00 NOTE
r-patched-linux-x86_64 0.1.3 OK
r-patched-solaris-x86 0.1.3 214.80 NOTE
r-release-linux-x86_64 0.1.3 49.24 87.55 136.79 OK
r-release-windows-ix86+x86_64 0.1.3 85.00 161.00 246.00 OK
r-release-osx-x86_64 0.1.3 NOTE
r-oldrel-windows-ix86+x86_64 0.1.3 141.00 169.00 310.00 OK
r-oldrel-osx-x86_64 0.1.3 NOTE

Check Details

Version: 0.1.3
Check: package dependencies
Result: NOTE
    Imports includes 22 non-default packages.
    Importing from so many packages makes the package vulnerable to any of
    them becoming unavailable. Move as many as possible to Suggests and
    use conditionally.
Flavor: r-devel-linux-x86_64-fedora-clang

Version: 0.1.3
Check: dependencies in R code
Result: NOTE
    Namespaces in Imports field not imported from:
     ‘DT’ ‘bsplus’ ‘colourpicker’ ‘kableExtra’ ‘markdown’ ‘reshape2’
     ‘shinydashboard’ ‘shinyjs’
     All declared Imports should be used.
Flavors: r-devel-linux-x86_64-fedora-clang, r-devel-linux-x86_64-fedora-gcc, r-patched-solaris-x86, r-release-osx-x86_64, r-oldrel-osx-x86_64

Version: 0.1.3
Check: data for non-ASCII characters
Result: NOTE
     Note: found 75 marked UTF-8 strings
Flavors: r-devel-linux-x86_64-fedora-clang, r-devel-linux-x86_64-fedora-gcc, r-patched-solaris-x86, r-release-osx-x86_64, r-oldrel-osx-x86_64

Version: 0.1.3
Check: installed package size
Result: NOTE
     installed size is 5.1Mb
     sub-directories of 1Mb or more:
     data 1.4Mb
     libs 2.3Mb
Flavor: r-devel-windows-ix86+x86_64-gcc8