CRAN Package Check Results for Package IOHexperimenter

Last updated on 2024-02-21 02:52:16 CET.

Flavor Version Tinstall Tcheck Ttotal Status Flags
r-devel-linux-x86_64-debian-clang 0.1.4 NOTE
r-devel-linux-x86_64-debian-gcc 0.1.4 45.43 26.72 72.15 NOTE
r-devel-linux-x86_64-fedora-clang 0.1.4 128.84 NOTE
r-devel-linux-x86_64-fedora-gcc 0.1.4 134.98 NOTE
r-devel-windows-x86_64 0.1.4 60.00 77.00 137.00 NOTE
r-patched-linux-x86_64 0.1.4 50.83 33.94 84.77 NOTE
r-release-linux-x86_64 0.1.4 52.68 33.77 86.45 NOTE
r-release-macos-arm64 0.1.4 40.00 NOTE
r-release-macos-x86_64 0.1.4 63.00 NOTE
r-release-windows-x86_64 0.1.4 60.00 85.00 145.00 NOTE
r-oldrel-macos-arm64 0.1.4 38.00 NOTE
r-oldrel-windows-x86_64 0.1.4 74.00 83.00 157.00 NOTE

Check Details

Version: 0.1.4
Check: C++ specification
Result: NOTE Specified C++11: please drop specification unless essential Flavors: r-devel-linux-x86_64-debian-clang, r-devel-linux-x86_64-debian-gcc, r-devel-linux-x86_64-fedora-clang, r-devel-linux-x86_64-fedora-gcc, r-devel-windows-x86_64, r-patched-linux-x86_64, r-release-linux-x86_64, r-release-macos-arm64, r-release-macos-x86_64, r-release-windows-x86_64

Version: 0.1.4
Check: Rd files
Result: NOTE checkRd: (-1) IOHproblem.Rd:31: Lost braces in \itemize; meant \describe ? checkRd: (-1) IOHproblem.Rd:32: Lost braces in \itemize; meant \describe ? checkRd: (-1) IOHproblem.Rd:33: Lost braces in \itemize; meant \describe ? checkRd: (-1) IOHproblem.Rd:34: Lost braces in \itemize; meant \describe ? checkRd: (-1) IOHproblem.Rd:35: Lost braces in \itemize; meant \describe ? checkRd: (-1) IOHproblem.Rd:36: Lost braces in \itemize; meant \describe ? checkRd: (-1) IOHproblem.Rd:37: Lost braces in \itemize; meant \describe ? checkRd: (-1) IOHproblem.Rd:38: Lost braces in \itemize; meant \describe ? checkRd: (-1) IOHproblem.Rd:39-40: Lost braces in \itemize; meant \describe ? checkRd: (-1) IOHproblem.Rd:44: Lost braces in \itemize; meant \describe ? checkRd: (-1) IOHproblem.Rd:45: Lost braces in \itemize; meant \describe ? checkRd: (-1) IOHproblem.Rd:46-48: Lost braces in \itemize; meant \describe ? Flavors: r-devel-linux-x86_64-debian-clang, r-devel-linux-x86_64-debian-gcc

Version: 0.1.4
Check: LazyData
Result: NOTE 'LazyData' is specified without a 'data' directory Flavors: r-devel-linux-x86_64-debian-clang, r-devel-linux-x86_64-debian-gcc, r-devel-linux-x86_64-fedora-clang, r-devel-linux-x86_64-fedora-gcc, r-devel-windows-x86_64, r-patched-linux-x86_64, r-release-linux-x86_64, r-release-macos-arm64, r-release-macos-x86_64, r-release-windows-x86_64, r-oldrel-macos-arm64, r-oldrel-windows-x86_64

Version: 0.1.4
Check: installed package size
Result: NOTE installed size is 6.8Mb sub-directories of 1Mb or more: libs 6.7Mb Flavors: r-release-macos-arm64, r-release-macos-x86_64, r-oldrel-macos-arm64