CRAN Package Check Results for Package IPDFileCheck

Last updated on 2020-04-09 00:50:29 CEST.

Flavor Version Tinstall Tcheck Ttotal Status Flags
r-devel-linux-x86_64-debian-clang 0.6.2 12.21 104.51 116.72 OK
r-devel-linux-x86_64-debian-gcc 0.6.2 10.32 79.43 89.75 OK
r-devel-linux-x86_64-fedora-clang 0.6.2 140.56 NOTE
r-devel-linux-x86_64-fedora-gcc 0.6.2 142.35 NOTE
r-devel-windows-ix86+x86_64 0.6.2 30.00 137.00 167.00 OK
r-devel-windows-ix86+x86_64-gcc8 0.6.2 34.00 145.00 179.00 OK
r-patched-linux-x86_64 0.6.2 12.35 99.45 111.80 OK
r-patched-solaris-x86 0.6.2 228.40 NOTE
r-release-linux-x86_64 0.6.2 10.18 91.01 101.19 OK
r-release-windows-ix86+x86_64 0.6.2 30.00 208.00 238.00 OK
r-release-osx-x86_64 0.6.2 NOTE
r-oldrel-windows-ix86+x86_64 0.6.2 29.00 187.00 216.00 OK
r-oldrel-osx-x86_64 0.6.2 NOTE

Check Details

Version: 0.6.2
Check: dependencies in R code
Result: NOTE
    Namespaces in Imports field not imported from:
     ‘GlobalOptions’ ‘dplyr’ ‘testthat’
     All declared Imports should be used.
Flavors: r-devel-linux-x86_64-fedora-clang, r-devel-linux-x86_64-fedora-gcc, r-patched-solaris-x86, r-release-osx-x86_64, r-oldrel-osx-x86_64