CRAN Package Check Results for Package IPLGP

Last updated on 2021-04-12 00:47:51 CEST.

Flavor Version Tinstall Tcheck Ttotal Status Flags
r-devel-linux-x86_64-debian-clang 0.1.0 4.19 59.46 63.65 NOTE
r-devel-linux-x86_64-debian-gcc 0.1.0 2.76 43.18 45.94 NOTE
r-devel-linux-x86_64-fedora-clang 0.1.0 82.45 NOTE
r-devel-linux-x86_64-fedora-gcc 0.1.0 74.87 NOTE
r-devel-windows-ix86+x86_64 0.1.0 8.00 82.00 90.00 NOTE
r-devel-windows-x86_64-gcc10-UCRT 0.1.0 NOTE
r-patched-linux-x86_64 0.1.0 3.66 61.63 65.29 OK
r-patched-solaris-x86 0.1.0 101.50 OK
r-release-linux-x86_64 0.1.0 3.42 61.67 65.09 OK
r-release-macos-x86_64 0.1.0 OK
r-release-windows-ix86+x86_64 0.1.0 15.00 83.00 98.00 OK
r-oldrel-macos-x86_64 0.1.0 OK
r-oldrel-windows-ix86+x86_64 0.1.0 7.00 52.00 59.00 OK

Check Details

Version: 0.1.0
Check: LazyData
Result: NOTE
     'LazyData' is specified without a 'data' directory
Flavors: r-devel-linux-x86_64-debian-clang, r-devel-linux-x86_64-debian-gcc, r-devel-linux-x86_64-fedora-clang, r-devel-linux-x86_64-fedora-gcc, r-devel-windows-ix86+x86_64, r-devel-windows-x86_64-gcc10-UCRT