CRAN Package Check Results for Package IPSUR

Last updated on 2019-03-23 19:50:31 CET.

Flavor Version Tinstall Tcheck Ttotal Status Flags
r-devel-linux-x86_64-debian-clang 3.0 1.96 53.11 55.07 OK
r-devel-linux-x86_64-debian-gcc 3.0 1.65 41.14 42.79 OK
r-devel-linux-x86_64-fedora-clang 3.0 67.54 NOTE
r-devel-linux-x86_64-fedora-gcc 3.0 65.03 NOTE
r-devel-windows-ix86+x86_64 3.0 12.00 71.00 83.00 OK
r-patched-linux-x86_64 3.0 1.45 51.07 52.52 OK
r-patched-solaris-x86 3.0 52.60 NOTE
r-release-linux-x86_64 3.0 0.41 2.50 2.91 ERROR
r-release-windows-ix86+x86_64 3.0 5.00 49.00 54.00 OK
r-release-osx-x86_64 3.0 NOTE
r-oldrel-windows-ix86+x86_64 3.0 7.00 65.00 72.00 OK
r-oldrel-osx-x86_64 3.0 NOTE

Check Details

Version: 3.0
Check: dependencies in R code
Result: NOTE
    Namespaces in Imports field not imported from:
     ‘Hmisc’ ‘RcmdrPlugin.IPSUR’ ‘TeachingDemos’ ‘actuar’ ‘aplpack’
     ‘binom’ ‘boot’ ‘coin’ ‘distrEx’ ‘e1071’ ‘lmtest’ ‘mvtnorm’ ‘prob’
     ‘qcc’ ‘reshape’ ‘scatterplot3d’ ‘vcd’
     All declared Imports should be used.
Flavors: r-devel-linux-x86_64-fedora-clang, r-devel-linux-x86_64-fedora-gcc, r-patched-solaris-x86, r-release-osx-x86_64, r-oldrel-osx-x86_64

Version: 3.0
Check: whether package can be installed
Result: ERROR
    Installation failed.
Flavor: r-release-linux-x86_64