CRAN Package Check Results for Package IPSUR

Last updated on 2019-01-17 16:52:38 CET.

Flavor Version Tinstall Tcheck Ttotal Status Flags
r-devel-linux-x86_64-debian-clang 3.0 1.56 53.19 54.75 OK
r-devel-linux-x86_64-debian-gcc 3.0 1.31 39.91 41.22 OK
r-devel-linux-x86_64-fedora-clang 3.0 65.90 NOTE
r-devel-linux-x86_64-fedora-gcc 3.0 62.91 NOTE
r-devel-windows-ix86+x86_64 3.0 11.00 72.00 83.00 OK
r-patched-linux-x86_64 3.0 1.61 49.64 51.25 OK
r-patched-solaris-x86 3.0 53.40 NOTE
r-release-linux-x86_64 3.0 1.32 50.94 52.26 OK
r-release-windows-ix86+x86_64 3.0 9.00 67.00 76.00 OK
r-release-osx-x86_64 3.0 NOTE
r-oldrel-windows-ix86+x86_64 3.0 4.00 46.00 50.00 OK
r-oldrel-osx-x86_64 3.0 NOTE

Check Details

Version: 3.0
Check: dependencies in R code
Result: NOTE
    Namespaces in Imports field not imported from:
     ‘Hmisc’ ‘RcmdrPlugin.IPSUR’ ‘TeachingDemos’ ‘actuar’ ‘aplpack’
     ‘binom’ ‘boot’ ‘coin’ ‘distrEx’ ‘e1071’ ‘lmtest’ ‘mvtnorm’ ‘prob’
     ‘qcc’ ‘reshape’ ‘scatterplot3d’ ‘vcd’
     All declared Imports should be used.
Flavors: r-devel-linux-x86_64-fedora-clang, r-devel-linux-x86_64-fedora-gcc, r-patched-solaris-x86, r-release-osx-x86_64, r-oldrel-osx-x86_64