CRAN Package Check Results for Package IPWboxplot

Last updated on 2019-10-24 03:58:33 CEST.

Flavor Version Tinstall Tcheck Ttotal Status Flags
r-devel-linux-x86_64-debian-clang 0.1.0 2.61 32.85 35.46 NOTE
r-devel-linux-x86_64-debian-gcc 0.1.0 1.71 26.10 27.81 NOTE
r-devel-linux-x86_64-fedora-clang 0.1.0 45.57 OK
r-devel-linux-x86_64-fedora-gcc 0.1.0 44.42 OK
r-devel-windows-ix86+x86_64 0.1.0 9.00 47.00 56.00 NOTE
r-patched-linux-x86_64 0.1.0 2.44 31.62 34.06 OK
r-patched-solaris-x86 0.1.0 55.60 OK
r-release-linux-x86_64 0.1.0 2.45 32.30 34.75 OK
r-release-windows-ix86+x86_64 0.1.0 8.00 52.00 60.00 OK
r-release-osx-x86_64 0.1.0 OK
r-oldrel-windows-ix86+x86_64 0.1.0 5.00 67.00 72.00 OK
r-oldrel-osx-x86_64 0.1.0 OK

Check Details

Version: 0.1.0
Check: package vignettes
Result: NOTE
    Package vignette with placeholder title 'Vignette Title':
     'my-vignette.Rmd'
Flavors: r-devel-linux-x86_64-debian-clang, r-devel-linux-x86_64-debian-gcc, r-devel-windows-ix86+x86_64