CRAN Package Check Results for Package IRTShiny

Last updated on 2021-10-21 15:51:04 CEST.

Flavor Version Tinstall Tcheck Ttotal Status Flags
r-devel-linux-x86_64-debian-clang 1.2 7.50 69.62 77.12 NOTE
r-devel-linux-x86_64-debian-gcc 1.2 7.31 54.50 61.81 NOTE
r-devel-linux-x86_64-fedora-clang 1.2 104.77 NOTE
r-devel-linux-x86_64-fedora-gcc 1.2 93.43 NOTE
r-devel-windows-x86_64 1.2 14.00 93.00 107.00 NOTE
r-devel-windows-x86_64-gcc10-UCRT 1.2 NOTE
r-patched-linux-x86_64 1.2 8.49 67.77 76.26 NOTE
r-patched-solaris-x86 1.2 143.20 NOTE
r-release-linux-x86_64 1.2 7.85 66.60 74.45 NOTE
r-release-macos-arm64 1.2 NOTE
r-release-macos-x86_64 1.2 NOTE
r-release-windows-ix86+x86_64 1.2 16.00 92.00 108.00 NOTE
r-oldrel-macos-x86_64 1.2 OK
r-oldrel-windows-ix86+x86_64 1.2 20.00 88.00 108.00 OK

Check Details

Version: 1.2
Check: LazyData
Result: NOTE
     'LazyData' is specified without a 'data' directory
Flavors: r-devel-linux-x86_64-debian-clang, r-devel-linux-x86_64-debian-gcc, r-devel-linux-x86_64-fedora-clang, r-devel-linux-x86_64-fedora-gcc, r-devel-windows-x86_64, r-devel-windows-x86_64-gcc10-UCRT, r-patched-linux-x86_64, r-patched-solaris-x86, r-release-linux-x86_64, r-release-macos-arm64, r-release-macos-x86_64, r-release-windows-ix86+x86_64